CRAN Package Check Results for Package parzer

Last updated on 2020-09-22 05:50:57 CEST.

Flavor Version Tinstall Tcheck Ttotal Status Flags
r-devel-linux-x86_64-debian-clang 0.1.4 49.81 29.10 78.91 OK
r-devel-linux-x86_64-debian-gcc 0.1.4 0.34 2.15 2.49 ERROR
r-devel-linux-x86_64-fedora-clang 0.1.4 120.58 OK
r-devel-linux-x86_64-fedora-gcc 0.1.4 108.76 OK
r-devel-windows-ix86+x86_64 0.1.4 118.00 68.00 186.00 OK
r-patched-linux-x86_64 0.1.4 40.31 28.93 69.24 OK
r-patched-solaris-x86 0.1.4 105.00 OK
r-release-linux-x86_64 0.1.4 39.78 28.64 68.42 OK
r-release-macos-x86_64 0.1.4 OK
r-release-windows-ix86+x86_64 0.1.4 119.00 84.00 203.00 OK
r-oldrel-macos-x86_64 0.1.4 OK
r-oldrel-windows-ix86+x86_64 0.1.4 83.00 79.00 162.00 OK

Check Details

Version: 0.1.4
Check: whether package can be installed
Result: ERROR
    Installation failed.
Flavor: r-devel-linux-x86_64-debian-gcc