CRAN Package Check Results for Package passt

Last updated on 2020-07-13 11:48:21 CEST.

Flavor Version Tinstall Tcheck Ttotal Status Flags
r-devel-linux-x86_64-debian-clang 0.1.1 4.23 53.99 58.22 OK
r-devel-linux-x86_64-debian-gcc 0.1.1 3.37 39.24 42.61 OK
r-devel-linux-x86_64-fedora-clang 0.1.1 77.55 OK
r-devel-linux-x86_64-fedora-gcc 0.1.1 71.91 OK
r-devel-windows-ix86+x86_64 0.1.1 11.00 93.00 104.00 OK
r-patched-linux-x86_64 0.1.1 4.00 50.69 54.69 OK
r-patched-solaris-x86 0.1.1 96.70 OK
r-release-linux-x86_64 0.1.1 3.81 50.55 54.36 OK
r-release-macos-x86_64 0.1.1 ERROR
r-release-windows-ix86+x86_64 0.1.1 16.00 62.00 78.00 OK
r-oldrel-macos-x86_64 0.1.1 OK
r-oldrel-windows-ix86+x86_64 0.1.1 14.00 61.00 75.00 OK

Check Details

Version: 0.1.1
Check: whether package can be installed
Result: ERROR
    Installation failed.
Flavor: r-release-macos-x86_64