CRAN Package Check Results for Package passt

Last updated on 2019-12-10 18:51:38 CET.

Flavor Version Tinstall Tcheck Ttotal Status Flags
r-devel-linux-x86_64-debian-clang 0.1.1 4.54 51.90 56.44 OK
r-devel-linux-x86_64-debian-gcc 0.1.1 3.09 37.81 40.90 OK
r-devel-linux-x86_64-fedora-clang 0.1.1 67.04 OK
r-devel-linux-x86_64-fedora-gcc 0.1.1 64.15 OK
r-devel-windows-ix86+x86_64 0.1.1 14.00 60.00 74.00 OK
r-devel-windows-ix86+x86_64-gcc8 0.1.1 12.00 58.00 70.00 OK
r-patched-linux-x86_64 0.1.1 3.57 46.09 49.66 OK
r-patched-solaris-x86 0.1.1 87.80 OK
r-release-linux-x86_64 0.1.1 3.33 45.93 49.26 OK
r-release-windows-ix86+x86_64 0.1.1 11.00 83.00 94.00 OK
r-release-osx-x86_64 0.1.1 OK
r-oldrel-windows-ix86+x86_64 0.1.1 4.00 60.00 64.00 ERROR
r-oldrel-osx-x86_64 0.1.1 ERROR

Check Details

Version: 0.1.1
Check: tests
Result: ERROR
     Running 'testthat.R' [4s]
    Running the tests in 'tests/testthat.R' failed.
    Complete output:
     > library(testthat)
     > library(passt)
     >
     > test_check("passt")
     -- 1. Failure: updt_winner_weights work if there are equal output
     acti
     updt_winner_weights(c(1, 0), matrix(rep(0.5, 4), nrow = 2), 0.5) not equal to matrix(c(0.5, 0.75, 0.5, 0.25), nrow = 2).
     4/4 mismatches (average diff: 0.25)
     [1] 0.75 - 0.50 == 0.25
     [2] 0.50 - 0.75 == -0.25
     [3] 0.25 - 0.50 == -0.25
     [4] 0.50 - 0.25 == 0.25
    
     -- 2. Failure: sim 1 produces same results as before (@test-simulation.R#11) --
     `sim1_weights` not equal to `sim1_weights_before`.
     100/100 mismatches (average diff: 0.0485)
     [1] 0.0802 - 0.0698 == 0.01047
     [2] 0.0608 - 0.0594 == 0.00139
     [3] 0.0891 - 0.1461 == -0.05699
     [4] 0.0654 - 0.0765 == -0.01101
     [5] 0.0690 - 0.0804 == -0.01134
     [6] 0.0771 - 0.0737 == 0.00340
     [7] 0.0866 - 0.0627 == 0.02392
     [8] 0.0637 - 0.0905 == -0.02679
     [9] 0.1463 - 0.0857 == 0.06061
     ...
    
     -- 3. Failure: sim 4 produces same results as before (@test-simulation.R#26) --
     `sim4` not equal to `sim4_before`.
     Component "f_dv": Mean relative difference: 0.1759294
     Component "td_dv": Mean relative difference: 0.1087843
     Component "d_dv": Mean relative difference: 0.2325671
    
     == testthat results ===========================================================
     [ OK: 6 | SKIPPED: 0 | WARNINGS: 1 | FAILED: 3 ]
     1. Failure: updt_winner_weights work if there are equal output
     activations (@test-helper_functions.R#19)
     2. Failure: sim 1 produces same results as before (@test-simulation.R#11)
     3. Failure: sim 4 produces same results as before (@test-simulation.R#26)
    
     Error: testthat unit tests failed
     Execution halted
Flavor: r-oldrel-windows-ix86+x86_64

Version: 0.1.1
Check: tests
Result: ERROR
     Running ‘testthat.R’ [3s/3s]
    Running the tests in ‘tests/testthat.R’ failed.
    Last 13 lines of output:
     ── 3. Failure: sim 4 produces same results as before (@test-simulation.R#26) ──
     `sim4` not equal to `sim4_before`.
     Component "f_dv": Mean relative difference: 0.1759294
     Component "td_dv": Mean relative difference: 0.1087843
     Component "d_dv": Mean relative difference: 0.2325671
    
     ══ testthat results ═══════════════════════════════════════════════════════════
     [ OK: 6 | SKIPPED: 0 | WARNINGS: 1 | FAILED: 3 ]
     1. Failure: updt_winner_weights work if there are equal output
     activations (@test-helper_functions.R#19)
     2. Failure: sim 1 produces same results as before (@test-simulation.R#11)
     3. Failure: sim 4 produces same results as before (@test-simulation.R#26)
    
     Error: testthat unit tests failed
     Execution halted
Flavor: r-oldrel-osx-x86_64