CRAN Package Check Results for Package patchDVI

Last updated on 2020-04-09 00:50:35 CEST.

Flavor Version Tinstall Tcheck Ttotal Status Flags
r-devel-linux-x86_64-debian-clang 1.9.1616 3.57 32.35 35.92 NOTE
r-devel-linux-x86_64-debian-gcc 1.9.1616 3.06 26.00 29.06 NOTE
r-devel-linux-x86_64-fedora-clang 1.9.1616 37.92 NOTE --no-vignettes
r-devel-linux-x86_64-fedora-gcc 1.9.1616 39.48 NOTE --no-vignettes
r-devel-windows-ix86+x86_64 1.9.1616 10.00 65.00 75.00 NOTE --no-vignettes
r-devel-windows-ix86+x86_64-gcc8 1.9.1616 10.00 44.00 54.00 NOTE --no-vignettes
r-patched-linux-x86_64 1.9.1616 3.92 32.09 36.01 NOTE
r-patched-solaris-x86 1.9.1616 54.00 NOTE --no-vignettes
r-release-linux-x86_64 1.9.1616 2.82 30.53 33.35 NOTE
r-release-windows-ix86+x86_64 1.9.1616 9.00 65.00 74.00 NOTE --no-vignettes
r-release-osx-x86_64 1.9.1616 NOTE
r-oldrel-windows-ix86+x86_64 1.9.1616 11.00 63.00 74.00 NOTE --no-vignettes
r-oldrel-osx-x86_64 1.9.1616 NOTE

Check Details

Version: 1.9.1616
Check: R code for possible problems
Result: NOTE
    SweaveAll: no visible global function definition for 'file_test'
    texi2dvi: no visible global function definition for 'file_test'
    Undefined global functions or variables:
     file_test
    Consider adding
     importFrom("utils", "file_test")
    to your NAMESPACE file.
Flavors: r-devel-linux-x86_64-debian-clang, r-devel-linux-x86_64-debian-gcc, r-patched-linux-x86_64, r-release-linux-x86_64, r-release-osx-x86_64, r-oldrel-osx-x86_64

Version: 1.9.1616
Flags: --no-vignettes
Check: R code for possible problems
Result: NOTE
    SweaveAll: no visible global function definition for ‘file_test’
    texi2dvi: no visible global function definition for ‘file_test’
    Undefined global functions or variables:
     file_test
    Consider adding
     importFrom("utils", "file_test")
    to your NAMESPACE file.
Flavors: r-devel-linux-x86_64-fedora-clang, r-devel-linux-x86_64-fedora-gcc, r-devel-windows-ix86+x86_64, r-devel-windows-ix86+x86_64-gcc8, r-patched-solaris-x86, r-release-windows-ix86+x86_64, r-oldrel-windows-ix86+x86_64

Version: 1.9.1616
Flags: --no-vignettes
Check: compiled code
Result: NOTE
    File ‘patchDVI/libs/patchDVI.so’:
     Found no calls to: ‘R_registerRoutines’, ‘R_useDynamicSymbols’
    
    It is good practice to register native routines and to disable symbol
    search.
    
    See ‘Writing portable packages’ in the ‘Writing R Extensions’ manual.
Flavors: r-devel-linux-x86_64-fedora-clang, r-devel-linux-x86_64-fedora-gcc