CRAN Package Check Results for Package patchSynctex

Last updated on 2020-10-23 01:49:01 CEST.

Flavor Version Tinstall Tcheck Ttotal Status Flags
r-devel-linux-x86_64-debian-clang 0.1-4 2.13 21.52 23.65 OK
r-devel-linux-x86_64-debian-gcc 0.1-4 1.57 16.63 18.20 OK
r-devel-linux-x86_64-fedora-clang 0.1-4 37.55 OK
r-devel-linux-x86_64-fedora-gcc 0.1-4 29.80 NOTE
r-devel-windows-ix86+x86_64 0.1-4 5.00 37.00 42.00 OK
r-patched-linux-x86_64 0.1-4 2.02 20.41 22.43 OK
r-patched-solaris-x86 0.1-4 45.10 OK
r-release-linux-x86_64 0.1-4 2.06 20.21 22.27 OK
r-release-macos-x86_64 0.1-4 OK
r-release-windows-ix86+x86_64 0.1-4 4.00 28.00 32.00 OK
r-oldrel-macos-x86_64 0.1-4 OK
r-oldrel-windows-ix86+x86_64 0.1-4 3.00 24.00 27.00 OK

Check Details

Version: 0.1-4
Check: for non-standard things in the check directory
Result: NOTE
    Found the following files/directories:
     ‘Minimal-concordance.tex’ ‘Minimal.Rnw’ ‘Minimal.pdf’
     ‘Minimal.synctex.gz’ ‘Minimal.tex’ ‘figure’
Flavor: r-devel-linux-x86_64-fedora-gcc