CRAN Package Check Results for Package patchSynctex

Last updated on 2024-04-22 08:51:33 CEST.

Flavor Version Tinstall Tcheck Ttotal Status Flags
r-devel-linux-x86_64-debian-clang 0.1-4 3.23 29.44 32.67 OK
r-devel-linux-x86_64-debian-gcc 0.1-4 2.63 22.64 25.27 OK
r-devel-linux-x86_64-fedora-clang 0.1-4 40.79 OK
r-devel-linux-x86_64-fedora-gcc 0.1-4 41.70 NOTE
r-prerel-macos-arm64 0.1-4 18.00 OK
r-prerel-windows-x86_64 0.1-4 4.00 43.00 47.00 OK
r-patched-linux-x86_64 0.1-4 3.70 28.66 32.36 OK
r-release-linux-x86_64 0.1-4 3.47 27.62 31.09 OK
r-release-macos-arm64 0.1-4 21.00 OK
r-release-macos-x86_64 0.1-4 24.00 OK
r-release-windows-x86_64 0.1-4 5.00 45.00 50.00 OK
r-oldrel-macos-arm64 0.1-4 17.00 OK
r-oldrel-windows-x86_64 0.1-4 5.00 50.00 55.00 OK

Check Details

Version: 0.1-4
Check: for non-standard things in the check directory
Result: NOTE Found the following files/directories: ‘Minimal-concordance.tex’ ‘Minimal.Rnw’ ‘Minimal.pdf’ ‘Minimal.synctex.gz’ ‘Minimal.tex’ ‘figure’ Flavor: r-devel-linux-x86_64-fedora-gcc