CRAN Package Check Results for Package pathlit

Last updated on 2021-10-25 04:00:21 CEST.

Flavor Version Tinstall Tcheck Ttotal Status Flags
r-devel-linux-x86_64-debian-clang 0.1.0 4.59 42.07 46.66 OK
r-devel-linux-x86_64-debian-gcc 0.1.0 3.28 32.70 35.98 OK
r-devel-linux-x86_64-fedora-clang 0.1.0 65.59 NOTE
r-devel-linux-x86_64-fedora-gcc 0.1.0 59.08 NOTE
r-devel-windows-x86_64 0.1.0 8.00 63.00 71.00 OK
r-devel-windows-x86_64-gcc10-UCRT 0.1.0 NOTE
r-patched-linux-x86_64 0.1.0 4.92 41.88 46.80 OK
r-patched-solaris-x86 0.1.0 85.40 NOTE
r-release-linux-x86_64 0.1.0 4.27 41.54 45.81 OK
r-release-macos-arm64 0.1.0 NOTE
r-release-macos-x86_64 0.1.0 NOTE
r-release-windows-ix86+x86_64 0.1.0 9.00 51.00 60.00 OK
r-oldrel-macos-x86_64 0.1.0 NOTE
r-oldrel-windows-ix86+x86_64 0.1.0 12.00 64.00 76.00 OK

Check Details

Version: 0.1.0
Check: dependencies in R code
Result: NOTE
    Namespaces in Imports field not imported from:
     ‘testthat’ ‘usethis’ ‘utils’
     All declared Imports should be used.
Flavors: r-devel-linux-x86_64-fedora-clang, r-devel-linux-x86_64-fedora-gcc, r-devel-windows-x86_64-gcc10-UCRT, r-patched-solaris-x86, r-release-macos-arm64, r-release-macos-x86_64, r-oldrel-macos-x86_64