CRAN Package Check Results for Package paths

Last updated on 2020-07-07 09:48:16 CEST.

Flavor Version Tinstall Tcheck Ttotal Status Flags
r-devel-linux-x86_64-debian-clang 0.1.0 10.19 98.43 108.62 OK
r-devel-linux-x86_64-debian-gcc 0.1.0 9.32 77.89 87.21 OK
r-devel-linux-x86_64-fedora-clang 0.1.0 134.31 NOTE
r-devel-linux-x86_64-fedora-gcc 0.1.0 124.30 NOTE
r-devel-windows-ix86+x86_64 0.1.0 22.00 107.00 129.00 OK
r-patched-linux-x86_64 0.1.0 10.34 94.62 104.96 OK
r-patched-solaris-x86 0.1.0 183.70 NOTE
r-release-linux-x86_64 0.1.0 11.27 94.20 105.47 OK
r-release-osx-x86_64 0.1.0 NOTE
r-release-windows-ix86+x86_64 0.1.0 28.00 99.00 127.00 OK
r-oldrel-osx-x86_64 0.1.0 NOTE
r-oldrel-windows-ix86+x86_64 0.1.0 35.00 128.00 163.00 OK

Check Details

Version: 0.1.0
Check: dependencies in R code
Result: NOTE
    Namespace in Imports field not imported from: ‘parallel’
     All declared Imports should be used.
Flavors: r-devel-linux-x86_64-fedora-clang, r-devel-linux-x86_64-fedora-gcc, r-patched-solaris-x86, r-release-osx-x86_64, r-oldrel-osx-x86_64