CRAN Package Check Results for Package patternator

Last updated on 2024-04-24 01:52:19 CEST.

Flavor Version Tinstall Tcheck Ttotal Status Flags
r-devel-linux-x86_64-debian-clang 0.1.0 2.25 27.97 30.22 OK
r-devel-linux-x86_64-debian-gcc 0.1.0 2.04 21.98 24.02 OK
r-devel-linux-x86_64-fedora-clang 0.1.0 39.60 NOTE
r-devel-linux-x86_64-fedora-gcc 0.1.0 37.48 NOTE
r-prerel-macos-arm64 0.1.0 16.00 OK
r-prerel-windows-x86_64 0.1.0 3.00 43.00 46.00 OK
r-patched-linux-x86_64 0.1.0 1.82 27.81 29.63 OK
r-release-linux-x86_64 0.1.0 2.58 27.73 30.31 OK
r-release-macos-arm64 0.1.0 17.00 OK
r-release-macos-x86_64 0.1.0 23.00 OK
r-release-windows-x86_64 0.1.0 3.00 43.00 46.00 OK
r-oldrel-macos-arm64 0.1.0 19.00 OK
r-oldrel-windows-x86_64 0.1.0 4.00 47.00 51.00 OK

Check Details

Version: 0.1.0
Check: dependencies in R code
Result: NOTE Namespace in Imports field not imported from: ‘graphics’ All declared Imports should be used. Flavors: r-devel-linux-x86_64-fedora-clang, r-devel-linux-x86_64-fedora-gcc