CRAN Package Check Results for Package patternize

Last updated on 2019-07-17 19:46:56 CEST.

Flavor Version Tinstall Tcheck Ttotal Status Flags
r-devel-linux-x86_64-debian-clang 0.0.2 19.09 157.90 176.99 OK
r-devel-linux-x86_64-debian-gcc 0.0.2 17.32 126.03 143.35 OK
r-devel-linux-x86_64-fedora-clang 0.0.2 208.96 OK
r-devel-linux-x86_64-fedora-gcc 0.0.2 203.94 OK
r-devel-windows-ix86+x86_64 0.0.2 62.00 153.00 215.00 OK
r-patched-linux-x86_64 0.0.2 18.45 156.05 174.50 OK
r-patched-solaris-x86 0.0.2 364.00 OK
r-release-linux-x86_64 0.0.2 18.83 156.70 175.53 OK
r-release-windows-ix86+x86_64 0.0.2 33.00 171.00 204.00 OK
r-release-osx-x86_64 0.0.2 WARN
r-oldrel-windows-ix86+x86_64 0.0.2 25.00 217.00 242.00 OK
r-oldrel-osx-x86_64 0.0.2 OK

Check Details

Version: 0.0.2
Check: whether package can be installed
Result: WARN
    Found the following significant warnings:
     Warning: 'rgl_init' failed, running with rgl.useNULL = TRUE
Flavor: r-release-osx-x86_64