CRAN Package Check Results for Package patternize

Last updated on 2019-10-18 18:47:59 CEST.

Flavor Version Tinstall Tcheck Ttotal Status Flags
r-devel-linux-x86_64-debian-clang 0.0.2 18.71 157.40 176.11 OK
r-devel-linux-x86_64-debian-gcc 0.0.2 16.17 121.55 137.72 OK
r-devel-linux-x86_64-fedora-clang 0.0.2 210.94 OK
r-devel-linux-x86_64-fedora-gcc 0.0.2 209.35 OK
r-devel-windows-ix86+x86_64 0.0.2 58.00 157.00 215.00 OK
r-patched-linux-x86_64 0.0.2 16.21 150.82 167.03 OK
r-patched-solaris-x86 0.0.2 326.90 OK
r-release-linux-x86_64 0.0.2 18.01 157.51 175.52 OK
r-release-windows-ix86+x86_64 0.0.2 39.00 234.00 273.00 OK
r-release-osx-x86_64 0.0.2 WARN
r-oldrel-windows-ix86+x86_64 0.0.2 29.00 149.00 178.00 OK
r-oldrel-osx-x86_64 0.0.2 OK

Check Details

Version: 0.0.2
Check: whether package can be installed
Result: WARN
    Found the following significant warnings:
     Warning: 'rgl_init' failed, running with rgl.useNULL = TRUE
Flavor: r-release-osx-x86_64