CRAN Package Check Results for Package pavo

Last updated on 2022-11-30 09:52:36 CET.

Flavor Version Tinstall Tcheck Ttotal Status Flags
r-devel-linux-x86_64-debian-clang 2.8.0 15.28 212.10 227.38 OK
r-devel-linux-x86_64-debian-gcc 2.8.0 12.63 148.15 160.78 OK
r-devel-linux-x86_64-fedora-clang 2.8.0 290.12 NOTE
r-devel-linux-x86_64-fedora-gcc 2.8.0 273.25 OK
r-devel-windows-x86_64 2.8.0 51.00 241.00 292.00 OK
r-patched-linux-x86_64 2.8.0 21.32 202.35 223.67 OK
r-release-linux-x86_64 2.8.0 18.39 204.07 222.46 OK
r-release-macos-arm64 2.8.0 120.00 OK
r-release-macos-x86_64 2.8.0 161.00 OK
r-release-windows-x86_64 2.8.0 51.00 219.00 270.00 OK
r-oldrel-macos-arm64 2.8.0 107.00 OK
r-oldrel-macos-x86_64 2.8.0 154.00 OK
r-oldrel-windows-ix86+x86_64 2.8.0 29.00 212.00 241.00 OK

Check Details

Version: 2.8.0
Check: Rd cross-references
Result: NOTE
    Undeclared package ‘future’ in Rd xrefs
Flavor: r-devel-linux-x86_64-fedora-clang