CRAN Package Check Results for Package pavo

Last updated on 2022-10-01 05:51:29 CEST.

Flavor Version Tinstall Tcheck Ttotal Status Flags
r-devel-linux-x86_64-debian-clang 2.8.0 17.10 211.39 228.49 OK
r-devel-linux-x86_64-debian-gcc 2.8.0 12.72 145.64 158.36 OK
r-devel-linux-x86_64-fedora-clang 2.8.0 287.52 NOTE
r-devel-linux-x86_64-fedora-gcc 2.8.0 265.18 OK
r-devel-windows-x86_64 2.8.0 44.00 234.00 278.00 OK
r-patched-linux-x86_64 2.8.0 20.18 201.90 222.08 OK
r-release-linux-x86_64 2.8.0 17.63 201.95 219.58 OK
r-release-macos-arm64 2.8.0 120.00 OK
r-release-macos-x86_64 2.8.0 161.00 OK
r-release-windows-x86_64 2.8.0 67.00 253.00 320.00 OK
r-oldrel-macos-arm64 2.8.0 107.00 OK
r-oldrel-macos-x86_64 2.8.0 154.00 OK
r-oldrel-windows-ix86+x86_64 2.8.0 29.00 224.00 253.00 OK

Check Details

Version: 2.8.0
Check: Rd cross-references
Result: NOTE
    Undeclared package ‘future’ in Rd xrefs
Flavor: r-devel-linux-x86_64-fedora-clang