Last updated on 2023-12-06 20:49:05 CET.
Flavor | Version | Tinstall | Tcheck | Ttotal | Status | Flags |
---|---|---|---|---|---|---|
r-devel-linux-x86_64-debian-clang | 2.9.0 | 14.19 | 227.28 | 241.47 | OK | |
r-devel-linux-x86_64-debian-gcc | 2.9.0 | 12.78 | 162.91 | 175.69 | OK | |
r-devel-linux-x86_64-fedora-clang | 2.9.0 | 314.40 | NOTE | |||
r-devel-linux-x86_64-fedora-gcc | 2.9.0 | 312.75 | OK | |||
r-devel-windows-x86_64 | 2.9.0 | 14.00 | 170.00 | 184.00 | OK | |
r-patched-linux-x86_64 | 2.9.0 | 16.55 | 214.87 | 231.42 | OK | |
r-release-linux-x86_64 | 2.9.0 | 16.21 | 209.67 | 225.88 | OK | |
r-release-macos-arm64 | 2.9.0 | 81.00 | OK | |||
r-release-macos-x86_64 | 2.9.0 | 254.00 | OK | |||
r-release-windows-x86_64 | 2.9.0 | 19.00 | 214.00 | 233.00 | OK | |
r-oldrel-macos-arm64 | 2.9.0 | 149.00 | OK | |||
r-oldrel-macos-x86_64 | 2.9.0 | 208.00 | OK | |||
r-oldrel-windows-x86_64 | 2.9.0 | 17.00 | 194.00 | 211.00 | OK |
Version: 2.9.0
Check: Rd cross-references
Result: NOTE
Undeclared package ‘future’ in Rd xrefs
Flavor: r-devel-linux-x86_64-fedora-clang