Last updated on 2023-06-08 19:54:17 CEST.
Flavor | Version | Tinstall | Tcheck | Ttotal | Status | Flags |
---|---|---|---|---|---|---|
r-devel-linux-x86_64-debian-clang | 2.8.0 | 12.33 | 217.86 | 230.19 | OK | |
r-devel-linux-x86_64-debian-gcc | 2.8.0 | 11.77 | 152.38 | 164.15 | OK | |
r-devel-linux-x86_64-fedora-clang | 2.8.0 | 279.71 | NOTE | |||
r-devel-linux-x86_64-fedora-gcc | 2.8.0 | 278.13 | OK | |||
r-devel-windows-x86_64 | 2.8.0 | 14.00 | 170.00 | 184.00 | OK | |
r-patched-linux-x86_64 | 2.8.0 | 14.63 | 199.65 | 214.28 | OK | |
r-release-linux-x86_64 | 2.8.0 | 16.01 | 198.54 | 214.55 | OK | |
r-release-macos-arm64 | 2.8.0 | 88.00 | OK | |||
r-release-macos-x86_64 | 2.8.0 | 144.00 | OK | |||
r-release-windows-x86_64 | 2.8.0 | 16.00 | 194.00 | 210.00 | OK | |
r-oldrel-macos-arm64 | 2.8.0 | 120.00 | OK | |||
r-oldrel-macos-x86_64 | 2.8.0 | 161.00 | OK | |||
r-oldrel-windows-x86_64 | 2.8.0 | 17.00 | 180.00 | 197.00 | OK |
Version: 2.8.0
Check: Rd cross-references
Result: NOTE
Undeclared package ‘future’ in Rd xrefs
Flavor: r-devel-linux-x86_64-fedora-clang