Last updated on 2023-09-22 08:55:54 CEST.
Flavor | Version | Tinstall | Tcheck | Ttotal | Status | Flags |
---|---|---|---|---|---|---|
r-devel-linux-x86_64-debian-clang | 0.4.0 | 1184.28 | 433.00 | 1617.28 | OK | |
r-devel-linux-x86_64-debian-gcc | 0.4.0 | 951.36 | 312.70 | 1264.06 | OK | |
r-devel-linux-x86_64-fedora-clang | 0.4.0 | 1994.18 | NOTE | |||
r-devel-linux-x86_64-fedora-gcc | 0.4.0 | 1935.24 | OK | |||
r-devel-windows-x86_64 | 0.4.0 | 712.00 | 396.00 | 1108.00 | NOTE | |
r-patched-linux-x86_64 | 0.4.0 | 1434.36 | 413.39 | 1847.75 | OK | |
r-release-linux-x86_64 | 0.4.0 | 1216.87 | 409.75 | 1626.62 | OK | |
r-release-macos-arm64 | 0.4.0 | 678.00 | NOTE | |||
r-release-macos-x86_64 | 0.4.0 | 1542.00 | NOTE | |||
r-release-windows-x86_64 | 0.4.0 | 1467.00 | 456.00 | 1923.00 | NOTE | |
r-oldrel-macos-arm64 | 0.4.0 | 644.00 | NOTE | |||
r-oldrel-macos-x86_64 | 0.4.0 | 814.00 | NOTE | |||
r-oldrel-windows-x86_64 | 0.4.0 | 1024.00 | 236.00 | 1260.00 | NOTE |
Version: 0.4.0
Check: installed package size
Result: NOTE
installed size is 8.4Mb
sub-directories of 1Mb or more:
R 6.2Mb
help 2.0Mb
Flavors: r-devel-linux-x86_64-fedora-clang, r-devel-windows-x86_64, r-release-macos-arm64, r-release-macos-x86_64, r-release-windows-x86_64, r-oldrel-macos-arm64, r-oldrel-macos-x86_64, r-oldrel-windows-x86_64