CRAN Package Check Results for Package paws.cost.management

Last updated on 2021-04-21 20:49:49 CEST.

Flavor Version Tinstall Tcheck Ttotal Status Flags
r-devel-linux-x86_64-debian-clang 0.1.11 10.01 32.09 42.10 NOTE
r-devel-linux-x86_64-debian-gcc 0.1.11 6.91 24.74 31.65 NOTE
r-devel-linux-x86_64-fedora-clang 0.1.11 62.73 NOTE
r-devel-linux-x86_64-fedora-gcc 0.1.11 49.52 NOTE
r-devel-windows-ix86+x86_64 0.1.11 15.00 44.00 59.00 NOTE
r-devel-windows-x86_64-gcc10-UCRT 0.1.11 NOTE
r-patched-linux-x86_64 0.1.11 9.13 31.11 40.24 OK
r-patched-solaris-x86 0.1.11 69.10 OK
r-release-linux-x86_64 0.1.11 9.55 31.61 41.16 OK
r-release-macos-x86_64 0.1.11 OK
r-release-windows-ix86+x86_64 0.1.11 15.00 45.00 60.00 OK
r-oldrel-macos-x86_64 0.1.11 OK
r-oldrel-windows-ix86+x86_64 0.1.11 31.00 49.00 80.00 OK

Check Details

Version: 0.1.11
Check: LazyData
Result: NOTE
     'LazyData' is specified without a 'data' directory
Flavors: r-devel-linux-x86_64-debian-clang, r-devel-linux-x86_64-debian-gcc, r-devel-linux-x86_64-fedora-clang, r-devel-linux-x86_64-fedora-gcc, r-devel-windows-ix86+x86_64, r-devel-windows-x86_64-gcc10-UCRT