CRAN Package Check Results for Package paws.machine.learning

Last updated on 2024-02-27 18:49:24 CET.

Flavor Version Tinstall Tcheck Ttotal Status Flags
r-devel-linux-x86_64-debian-clang 0.5.0 142.89 306.50 449.39 OK
r-devel-linux-x86_64-debian-gcc 0.5.0 117.90 228.23 346.13 OK
r-devel-linux-x86_64-fedora-clang 0.5.0 570.56 NOTE
r-devel-linux-x86_64-fedora-gcc 0.5.0 534.27 OK
r-devel-windows-x86_64 0.5.0 119.00 377.00 496.00 NOTE
r-patched-linux-x86_64 0.5.0 172.88 294.39 467.27 OK
r-release-linux-x86_64 0.5.0 135.88 291.71 427.59 OK
r-release-macos-arm64 0.5.0 132.00 NOTE
r-release-macos-x86_64 0.5.0 257.00 NOTE
r-release-windows-x86_64 0.5.0 159.00 437.00 596.00 NOTE
r-oldrel-macos-arm64 0.5.0 105.00 NOTE
r-oldrel-windows-x86_64 0.5.0 163.00 192.00 355.00 NOTE

Check Details

Version: 0.5.0
Check: installed package size
Result: NOTE installed size is 5.3Mb sub-directories of 1Mb or more: R 2.5Mb help 2.6Mb Flavors: r-devel-linux-x86_64-fedora-clang, r-devel-windows-x86_64, r-release-macos-arm64, r-release-macos-x86_64, r-release-windows-x86_64, r-oldrel-macos-arm64, r-oldrel-windows-x86_64