CRAN Package Check Results for Package pbapply

Last updated on 2021-05-17 21:49:45 CEST.

Flavor Version Tinstall Tcheck Ttotal Status Flags
r-devel-linux-x86_64-debian-clang 1.4-3 2.46 43.26 45.72 OK
r-devel-linux-x86_64-debian-gcc 1.4-3 1.68 32.84 34.52 OK
r-devel-linux-x86_64-fedora-clang 1.4-3 61.60 OK
r-devel-linux-x86_64-fedora-gcc 1.4-3 52.44 OK
r-devel-windows-ix86+x86_64 1.4-3 8.00 70.00 78.00 OK
r-devel-windows-x86_64-gcc10-UCRT 1.4-3 OK
r-patched-linux-x86_64 1.4-3 1.93 41.54 43.47 OK
r-patched-solaris-x86 1.4-3 90.80 OK
r-release-linux-x86_64 1.4-3 1.65 40.88 42.53 OK
r-release-macos-x86_64 1.4-3 OK
r-release-windows-ix86+x86_64 1.4-3 11.00 70.00 81.00 OK
r-oldrel-macos-x86_64 1.4-3 NOTE
r-oldrel-windows-ix86+x86_64 1.4-3 4.00 68.00 72.00 OK

Check Details

Version: 1.4-3
Check: dependencies in R code
Result: NOTE
    No protocol specified
    No protocol specified
Flavor: r-oldrel-macos-x86_64