CRAN Package Check Results for Package pbapply

Last updated on 2019-10-22 15:47:09 CEST.

Flavor Version Tinstall Tcheck Ttotal Status Flags
r-devel-linux-x86_64-debian-clang 1.4-2 1.66 34.43 36.09 OK
r-devel-linux-x86_64-debian-gcc 1.4-2 1.78 27.86 29.64 OK
r-devel-linux-x86_64-fedora-clang 1.4-2 44.78 OK
r-devel-linux-x86_64-fedora-gcc 1.4-2 43.94 OK
r-devel-windows-ix86+x86_64 1.4-2 11.00 88.00 99.00 OK
r-patched-linux-x86_64 1.4-2 1.45 34.37 35.82 OK
r-patched-solaris-x86 1.4-2 79.50 OK
r-release-linux-x86_64 1.4-2 1.48 34.42 35.90 OK
r-release-windows-ix86+x86_64 1.4-2 6.00 72.00 78.00 OK
r-release-osx-x86_64 1.4-2 NOTE
r-oldrel-windows-ix86+x86_64 1.4-2 3.00 70.00 73.00 OK
r-oldrel-osx-x86_64 1.4-2 NOTE

Check Details

Version: 1.4-2
Check: dependencies in R code
Result: NOTE
    No protocol specified
    No protocol specified
Flavors: r-release-osx-x86_64, r-oldrel-osx-x86_64