CRAN Package Check Results for Package pbatR

Last updated on 2019-03-23 03:53:41 CET.

Flavor Version Tinstall Tcheck Ttotal Status Flags
r-devel-linux-x86_64-debian-clang 2.2-13 22.50 81.72 104.22 OK
r-devel-linux-x86_64-debian-gcc 2.2-13 16.70 64.33 81.03 OK
r-devel-linux-x86_64-fedora-clang 2.2-13 135.33 OK
r-devel-linux-x86_64-fedora-gcc 2.2-13 124.29 OK
r-devel-windows-ix86+x86_64 2.2-13 63.00 107.00 170.00 OK
r-patched-linux-x86_64 2.2-13 16.04 73.25 89.29 OK
r-patched-solaris-x86 2.2-13 164.40 OK
r-release-linux-x86_64 2.2-13 0.34 2.34 2.68 ERROR
r-release-windows-ix86+x86_64 2.2-13 39.00 105.00 144.00 OK
r-release-osx-x86_64 2.2-13 OK
r-oldrel-windows-ix86+x86_64 2.2-13 43.00 132.00 175.00 OK
r-oldrel-osx-x86_64 2.2-13 OK

Check Details

Version: 2.2-13
Check: whether package can be installed
Result: ERROR
    Installation failed.
Flavor: r-release-linux-x86_64