CRAN Package Check Results for Package pbatR

Last updated on 2019-05-24 22:48:57 CEST.

Flavor Version Tinstall Tcheck Ttotal Status Flags
r-devel-linux-x86_64-debian-clang 2.2-13 22.56 81.37 103.93 OK
r-devel-linux-x86_64-debian-gcc 2.2-13 15.68 63.86 79.54 OK
r-devel-linux-x86_64-fedora-clang 2.2-13 130.10 OK
r-devel-linux-x86_64-fedora-gcc 2.2-13 121.99 OK
r-devel-windows-ix86+x86_64 2.2-13 41.00 141.00 182.00 OK
r-patched-linux-x86_64 2.2-13 OK
r-patched-solaris-x86 2.2-13 189.90 OK
r-release-linux-x86_64 2.2-13 21.80 81.95 103.75 OK
r-release-windows-ix86+x86_64 2.2-13 58.00 113.00 171.00 OK
r-release-osx-x86_64 2.2-13 FAIL
r-oldrel-windows-ix86+x86_64 2.2-13 49.00 91.00 140.00 OK
r-oldrel-osx-x86_64 2.2-13 OK

Check Details

Version: 2.2-13
Check: whether package can be installed
Result: FAIL
    
Flavor: r-release-osx-x86_64