CRAN Package Check Results for Package pbdMPI

Last updated on 2020-09-23 13:04:59 CEST.

Flavor Version Tinstall Tcheck Ttotal Status Flags
r-devel-linux-x86_64-debian-clang 0.4-3 19.27 79.82 99.09 OK
r-devel-linux-x86_64-debian-gcc 0.4-3 13.23 61.33 74.56 OK
r-devel-linux-x86_64-fedora-clang 0.4-3 123.48 OK
r-devel-linux-x86_64-fedora-gcc 0.4-3 112.56 OK
r-devel-windows-ix86+x86_64 0.4-3 59.00 97.00 156.00 OK
r-patched-linux-x86_64 0.4-3 14.67 75.19 89.86 OK
r-patched-solaris-x86 0.4-3 191.30 OK
r-release-linux-x86_64 0.4-3 17.01 76.14 93.15 OK
r-release-macos-x86_64 0.4-3 ERROR
r-release-windows-ix86+x86_64 0.4-3 65.00 120.00 185.00 OK
r-oldrel-macos-x86_64 0.4-3 ERROR
r-oldrel-windows-ix86+x86_64 0.4-3 67.00 93.00 160.00 OK

Check Details

Version: 0.4-3
Check: package dependencies
Result: NOTE
    Package which this enhances but not available for checking: ‘pbdPROF’
Flavors: r-release-macos-x86_64, r-oldrel-macos-x86_64

Version: 0.4-3
Check: whether package can be installed
Result: ERROR
    Installation failed.
Flavors: r-release-macos-x86_64, r-oldrel-macos-x86_64