CRAN Package Check Results for Package pbdMPI

Last updated on 2020-02-18 06:47:38 CET.

Flavor Version Tinstall Tcheck Ttotal Status Flags
r-devel-linux-x86_64-debian-clang 0.4-3 18.56 73.20 91.76 OK
r-devel-linux-x86_64-debian-gcc 0.4-3 13.52 56.27 69.79 OK
r-devel-linux-x86_64-fedora-clang 0.4-3 112.71 OK
r-devel-linux-x86_64-fedora-gcc 0.4-3 108.85 OK
r-devel-windows-ix86+x86_64 0.4-3 67.00 102.00 169.00 OK
r-devel-windows-ix86+x86_64-gcc8 0.4-2 87.00 103.00 190.00 OK
r-patched-linux-x86_64 0.4-3 14.02 64.54 78.56 OK
r-patched-solaris-x86 0.4-3 173.40 OK
r-release-linux-x86_64 0.4-3 14.12 65.08 79.20 OK
r-release-windows-ix86+x86_64 0.4-3 67.00 101.00 168.00 OK
r-release-osx-x86_64 0.4-3 ERROR
r-oldrel-windows-ix86+x86_64 0.4-3 58.00 95.00 153.00 OK
r-oldrel-osx-x86_64 0.4-3 ERROR

Check Details

Version: 0.4-3
Check: package dependencies
Result: NOTE
    Package which this enhances but not available for checking: ‘pbdPROF’
Flavors: r-release-osx-x86_64, r-oldrel-osx-x86_64

Version: 0.4-3
Check: whether package can be installed
Result: ERROR
    Installation failed.
Flavors: r-release-osx-x86_64, r-oldrel-osx-x86_64