Last updated on 2023-12-09 14:49:30 CET.
Flavor | Version | Tinstall | Tcheck | Ttotal | Status | Flags |
---|---|---|---|---|---|---|
r-devel-linux-x86_64-debian-clang | 0.3-4 | 199.46 | 56.72 | 256.18 | OK | |
r-devel-linux-x86_64-debian-gcc | 0.3-4 | 140.72 | 44.71 | 185.43 | OK | |
r-devel-linux-x86_64-fedora-clang | 0.3-4 | 320.31 | OK | |||
r-devel-linux-x86_64-fedora-gcc | 0.3-4 | 352.86 | OK | |||
r-devel-windows-x86_64 | 0.3-4 | 73.00 | 4.00 | 77.00 | ERROR | |
r-patched-linux-x86_64 | 0.3-4 | 160.48 | 55.45 | 215.93 | OK | |
r-release-linux-x86_64 | 0.3-4 | 159.16 | 54.89 | 214.05 | OK | |
r-release-macos-arm64 | 0.3-4 | 8.00 | ERROR | |||
r-release-macos-x86_64 | 0.3-4 | 12.00 | ERROR | |||
r-release-windows-x86_64 | 0.3-4 | 86.00 | 5.00 | 91.00 | ERROR | |
r-oldrel-macos-arm64 | 0.3-4 | 9.00 | ERROR | |||
r-oldrel-macos-x86_64 | 0.3-4 | 12.00 | ERROR | |||
r-oldrel-windows-x86_64 | 0.3-4 | 332.00 | 88.00 | 420.00 | NOTE |
Version: 0.3-4
Check: whether package can be installed
Result: ERROR
Installation failed.
Flavors: r-devel-windows-x86_64, r-release-windows-x86_64
Version: 0.3-4
Check: package dependencies
Result: ERROR
Package required but not available: ‘pbdMPI’
See section ‘The DESCRIPTION file’ in the ‘Writing R Extensions’
manual.
Flavors: r-release-macos-arm64, r-release-macos-x86_64, r-oldrel-macos-arm64, r-oldrel-macos-x86_64
Version: 0.3-4
Check: installed package size
Result: NOTE
installed size is 5.4Mb
sub-directories of 1Mb or more:
lib 2.8Mb
libs 2.3Mb
Flavor: r-oldrel-windows-x86_64