CRAN Package Check Results for Package pbdZMQ

Last updated on 2019-01-22 17:50:21 CET.

Flavor Version Tinstall Tcheck Ttotal Status Flags
r-devel-linux-x86_64-debian-clang 0.3-3 5.25 31.30 36.55 NOTE
r-devel-linux-x86_64-debian-gcc 0.3-3 4.18 24.98 29.16 NOTE
r-devel-linux-x86_64-fedora-clang 0.3-3 43.93 NOTE
r-devel-linux-x86_64-fedora-gcc 0.3-3 41.64 NOTE
r-devel-windows-ix86+x86_64 0.3-3 543.00 75.00 618.00 NOTE
r-patched-linux-x86_64 0.3-3 4.71 29.29 34.00 OK
r-patched-solaris-x86 0.3-3 64.20 OK
r-release-linux-x86_64 0.3-3 4.46 29.19 33.65 OK
r-release-windows-ix86+x86_64 0.3-3 365.00 68.00 433.00 OK
r-release-osx-x86_64 0.3-3 OK
r-oldrel-windows-ix86+x86_64 0.3-3 390.00 89.00 479.00 OK
r-oldrel-osx-x86_64 0.3-3 OK

Check Details

Version: 0.3-3
Check: line endings in C/C++/Fortran sources/headers
Result: NOTE
    Found the following sources/headers with CR or CRLF line endings:
     src/zmqsrc/src/condition_variable.hpp
    Some Unix compilers require LF line endings.
Flavors: r-devel-linux-x86_64-debian-clang, r-devel-linux-x86_64-debian-gcc, r-devel-linux-x86_64-fedora-clang, r-devel-linux-x86_64-fedora-gcc, r-devel-windows-ix86+x86_64