CRAN Package Check Results for Package pbivnorm

Last updated on 2020-06-01 20:50:41 CEST.

Flavor Version Tinstall Tcheck Ttotal Status Flags
r-devel-linux-x86_64-debian-clang 0.6.0 2.24 17.22 19.46 OK
r-devel-linux-x86_64-debian-gcc 0.6.0 1.85 13.68 15.53 OK
r-devel-linux-x86_64-fedora-clang 0.6.0 33.10 NOTE
r-devel-linux-x86_64-fedora-gcc 0.6.0 24.04 NOTE
r-devel-windows-ix86+x86_64 0.6.0 7.00 34.00 41.00 OK
r-patched-linux-x86_64 0.6.0 2.46 17.33 19.79 OK
r-patched-solaris-x86 0.6.0 37.60 OK
r-release-linux-x86_64 0.6.0 2.36 17.53 19.89 OK
r-release-osx-x86_64 0.6.0 OK
r-release-windows-ix86+x86_64 0.6.0 8.00 39.00 47.00 OK
r-oldrel-osx-x86_64 0.6.0 OK
r-oldrel-windows-ix86+x86_64 0.6.0 8.00 50.00 58.00 OK

Check Details

Version: 0.6.0
Check: compiled code
Result: NOTE
    File ‘pbivnorm/libs/pbivnorm.so’:
     Found no calls to: ‘R_registerRoutines’, ‘R_useDynamicSymbols’
    
    It is good practice to register native routines and to disable symbol
    search.
    
    See ‘Writing portable packages’ in the ‘Writing R Extensions’ manual.
Flavors: r-devel-linux-x86_64-fedora-clang, r-devel-linux-x86_64-fedora-gcc