CRAN Package Check Results for Package pbivnorm

Last updated on 2024-04-15 23:10:11 CEST.

Flavor Version Tinstall Tcheck Ttotal Status Flags
r-devel-linux-x86_64-debian-clang 0.6.0 2.56 19.44 22.00 OK
r-devel-linux-x86_64-debian-gcc 0.6.0 1.72 15.60 17.32 OK
r-devel-linux-x86_64-fedora-clang 0.6.0 28.98 NOTE
r-devel-linux-x86_64-fedora-gcc 0.6.0 28.05 NOTE
r-prerel-macos-arm64 0.6.0 14.00 OK
r-prerel-windows-x86_64 0.6.0 5.00 35.00 40.00 OK
r-patched-linux-x86_64 0.6.0 2.79 18.89 21.68 OK
r-release-linux-x86_64 0.6.0 2.60 18.86 21.46 OK
r-release-macos-arm64 0.6.0 17.00 OK
r-release-macos-x86_64 0.6.0 20.00 OK
r-release-windows-x86_64 0.6.0 5.00 36.00 41.00 OK
r-oldrel-macos-arm64 0.6.0 14.00 OK
r-oldrel-windows-x86_64 0.6.0 6.00 42.00 48.00 OK

Check Details

Version: 0.6.0
Check: compiled code
Result: NOTE File ‘pbivnorm/libs/pbivnorm.so’: Found no calls to: ‘R_registerRoutines’, ‘R_useDynamicSymbols’ It is good practice to register native routines and to disable symbol search. See ‘Writing portable packages’ in the ‘Writing R Extensions’ manual. Flavors: r-devel-linux-x86_64-fedora-clang, r-devel-linux-x86_64-fedora-gcc