CRAN Package Check Results for Package pbixr

Last updated on 2022-05-16 09:50:14 CEST.

Flavor Version Tinstall Tcheck Ttotal Status Flags
r-devel-linux-x86_64-debian-clang 0.1.4 6.56 76.29 82.85 NOTE
r-devel-linux-x86_64-debian-gcc 0.1.4 5.11 55.45 60.56 NOTE
r-devel-linux-x86_64-fedora-clang 0.1.4 94.03 NOTE
r-devel-linux-x86_64-fedora-gcc 0.1.4 91.96 NOTE
r-devel-windows-x86_64 0.1.4 20.00 93.00 113.00 NOTE
r-patched-linux-x86_64 0.1.4 6.12 69.03 75.15 NOTE
r-release-linux-x86_64 0.1.4 4.85 68.46 73.31 NOTE
r-release-macos-arm64 0.1.4 29.00 NOTE
r-release-macos-x86_64 0.1.4 49.00 NOTE
r-release-windows-x86_64 0.1.4 24.00 89.00 113.00 NOTE
r-oldrel-macos-arm64 0.1.4 39.00 NOTE
r-oldrel-macos-x86_64 0.1.4 51.00 NOTE
r-oldrel-windows-ix86+x86_64 0.1.4 17.00 87.00 104.00 NOTE

Check Details

Version: 0.1.4
Check: LazyData
Result: NOTE
     'LazyData' is specified without a 'data' directory
Flavors: r-devel-linux-x86_64-debian-clang, r-devel-linux-x86_64-debian-gcc, r-devel-linux-x86_64-fedora-clang, r-devel-linux-x86_64-fedora-gcc, r-devel-windows-x86_64, r-patched-linux-x86_64, r-release-linux-x86_64, r-release-macos-arm64, r-release-macos-x86_64, r-release-windows-x86_64, r-oldrel-macos-arm64, r-oldrel-macos-x86_64, r-oldrel-windows-ix86+x86_64