Last updated on 2023-09-28 01:19:00 CEST.
Flavor | Version | Tinstall | Tcheck | Ttotal | Status | Flags |
---|---|---|---|---|---|---|
r-devel-linux-x86_64-debian-clang | 1.5.4 | 1392.05 | 368.87 | 1760.92 | NOTE | |
r-devel-linux-x86_64-debian-gcc | 1.5.4 | 1145.46 | 348.10 | 1493.56 | NOTE | |
r-devel-linux-x86_64-fedora-clang | 1.5.4 | 2219.08 | NOTE | |||
r-devel-linux-x86_64-fedora-gcc | 1.5.4 | 1500.12 | NOTE | |||
r-devel-windows-x86_64 | 1.5.4 | 1024.00 | 375.00 | 1399.00 | NOTE | |
r-patched-linux-x86_64 | 1.5.4 | 1096.74 | 458.00 | 1554.74 | NOTE | |
r-release-linux-x86_64 | 1.5.4 | 0.02 | 2.56 | 2.58 | ERROR | |
r-release-macos-arm64 | 1.5.4 | 854.00 | NOTE | |||
r-release-macos-x86_64 | 1.5.4 | 1104.00 | NOTE | |||
r-release-windows-x86_64 | 1.5.4 | 1330.00 | 479.00 | 1809.00 | NOTE | |
r-oldrel-macos-arm64 | 1.5.4 | 543.00 | NOTE | |||
r-oldrel-macos-x86_64 | 1.5.4 | 1469.00 | NOTE | |||
r-oldrel-windows-x86_64 | 1.5.4 | 1264.00 | 435.00 | 1699.00 | NOTE |
Version: 1.5.4
Check: for GNU extensions in Makefiles
Result: NOTE
GNU make is a SystemRequirements.
Flavors: r-devel-linux-x86_64-debian-clang, r-devel-linux-x86_64-debian-gcc, r-devel-linux-x86_64-fedora-clang, r-devel-linux-x86_64-fedora-gcc, r-devel-windows-x86_64, r-patched-linux-x86_64, r-release-macos-arm64, r-release-macos-x86_64, r-release-windows-x86_64, r-oldrel-macos-arm64, r-oldrel-macos-x86_64, r-oldrel-windows-x86_64
Version: 1.5.4
Check: installed package size
Result: NOTE
installed size is 15.1Mb
sub-directories of 1Mb or more:
doc 2.9Mb
libs 11.4Mb
Flavors: r-devel-linux-x86_64-fedora-clang, r-devel-windows-x86_64, r-release-macos-arm64, r-release-macos-x86_64, r-release-windows-x86_64, r-oldrel-macos-arm64, r-oldrel-macos-x86_64, r-oldrel-windows-x86_64
Version: 1.5.4
Check: dependencies in R code
Result: NOTE
Namespace in Imports field not imported from: ‘rstantools’
All declared Imports should be used.
Flavors: r-devel-linux-x86_64-fedora-clang, r-devel-linux-x86_64-fedora-gcc
Version: 1.5.4
Check: whether package can be installed
Result: ERROR
Installation failed.
Flavor: r-release-linux-x86_64