CRAN Package Check Results for Package pcLasso

Last updated on 2023-06-08 01:02:36 CEST.

Flavor Version Tinstall Tcheck Ttotal Status Flags
r-devel-linux-x86_64-debian-clang 1.2 3.56 33.45 37.01 NOTE
r-devel-linux-x86_64-debian-gcc 1.2 3.65 25.90 29.55 NOTE
r-devel-linux-x86_64-fedora-clang 1.2 46.75 NOTE
r-devel-linux-x86_64-fedora-gcc 1.2 56.43 NOTE
r-devel-windows-x86_64 1.2 9.00 49.00 58.00 NOTE
r-patched-linux-x86_64 1.2 4.27 31.93 36.20 NOTE
r-release-linux-x86_64 1.2 3.94 31.37 35.31 NOTE
r-release-macos-arm64 1.2 27.00 NOTE
r-release-macos-x86_64 1.2 35.00 NOTE
r-release-windows-x86_64 1.2 6.00 50.00 56.00 NOTE
r-oldrel-macos-arm64 1.2 22.00 NOTE
r-oldrel-macos-x86_64 1.2 29.00 NOTE
r-oldrel-windows-x86_64 1.2 8.00 55.00 63.00 NOTE

Check Details

Version: 1.2
Check: LazyData
Result: NOTE
     'LazyData' is specified without a 'data' directory
Flavors: r-devel-linux-x86_64-debian-clang, r-devel-linux-x86_64-debian-gcc, r-devel-linux-x86_64-fedora-clang, r-devel-linux-x86_64-fedora-gcc, r-devel-windows-x86_64, r-patched-linux-x86_64, r-release-linux-x86_64, r-release-macos-arm64, r-release-macos-x86_64, r-release-windows-x86_64, r-oldrel-macos-arm64, r-oldrel-macos-x86_64, r-oldrel-windows-x86_64