CRAN Package Check Results for Package pcaL1

Last updated on 2020-10-24 04:50:54 CEST.

Flavor Version Tinstall Tcheck Ttotal Status Flags
r-devel-linux-x86_64-debian-clang 1.5.4 11.85 28.10 39.95 OK
r-devel-linux-x86_64-debian-gcc 1.5.4 7.03 21.52 28.55 OK
r-devel-linux-x86_64-fedora-clang 1.5.4 57.44 OK
r-devel-linux-x86_64-fedora-gcc 1.5.4 47.25 OK
r-devel-windows-ix86+x86_64 1.5.4 27.00 74.00 101.00 NOTE
r-patched-linux-x86_64 1.5.4 8.30 26.56 34.86 OK
r-patched-solaris-x86 1.5.4 62.60 OK
r-release-linux-x86_64 1.5.4 8.44 26.70 35.14 OK
r-release-macos-x86_64 1.5.4 ERROR
r-release-windows-ix86+x86_64 1.5.4 24.00 56.00 80.00 NOTE
r-oldrel-macos-x86_64 1.5.4 ERROR
r-oldrel-windows-ix86+x86_64 1.5.4 27.00 58.00 85.00 NOTE

Check Details

Version: 1.5.4
Check: installed package size
Result: NOTE
     installed size is 6.8Mb
     sub-directories of 1Mb or more:
     libs 6.7Mb
Flavors: r-devel-windows-ix86+x86_64, r-release-windows-ix86+x86_64, r-oldrel-windows-ix86+x86_64

Version: 1.5.4
Check: whether package can be installed
Result: ERROR
    Installation failed.
Flavors: r-release-macos-x86_64, r-oldrel-macos-x86_64