Last updated on 2023-10-01 06:53:15 CEST.
Flavor | Version | Tinstall | Tcheck | Ttotal | Status | Flags |
---|---|---|---|---|---|---|
r-devel-linux-x86_64-debian-clang | 1.5.7 | 14.06 | 32.13 | 46.19 | OK | |
r-devel-linux-x86_64-debian-gcc | 1.5.7 | 9.44 | 24.88 | 34.32 | OK | |
r-devel-linux-x86_64-fedora-clang | 1.5.7 | 58.29 | OK | |||
r-devel-linux-x86_64-fedora-gcc | 1.5.7 | 59.13 | OK | |||
r-devel-windows-x86_64 | 1.5.7 | 15.00 | 78.00 | 93.00 | WARN | |
r-patched-linux-x86_64 | 1.5.7 | 12.65 | 32.70 | 45.35 | OK | |
r-release-linux-x86_64 | 1.5.7 | 11.00 | 32.92 | 43.92 | OK | |
r-release-macos-arm64 | 1.5.7 | 28.00 | OK | |||
r-release-macos-x86_64 | 1.5.7 | 47.00 | OK | |||
r-release-windows-x86_64 | 1.5.7 | 16.00 | 97.00 | 113.00 | OK | |
r-oldrel-macos-arm64 | 1.5.7 | 26.00 | OK | |||
r-oldrel-macos-x86_64 | 1.5.7 | 37.00 | OK | |||
r-oldrel-windows-x86_64 | 1.5.7 | 36.00 | 87.00 | 123.00 | OK |
Version: 1.5.7
Check: whether package can be installed
Result: WARN
Found the following significant warnings:
d:/rtools43/x86_64-w64-mingw32.static.posix/include/coin/Clp_C_Interface.h:68:1: warning: function declaration isn't a prototype [-Wstrict-prototypes]
See 'd:/Rcompile/CRANpkg/local/4.4/pcaL1.Rcheck/00install.out' for details.
* used C compiler: 'gcc.exe (GCC) 12.2.0'
Flavor: r-devel-windows-x86_64