CRAN Package Check Results for Package pcaPP

Last updated on 2022-07-06 18:51:42 CEST.

Flavor Version Tinstall Tcheck Ttotal Status Flags
r-devel-linux-x86_64-debian-clang 2.0-1 16.74 57.35 74.09 NOTE
r-devel-linux-x86_64-debian-gcc 2.0-1 11.39 45.48 56.87 NOTE
r-devel-linux-x86_64-fedora-clang 2.0-1 103.15 NOTE
r-devel-linux-x86_64-fedora-gcc 2.0-1 101.06 NOTE
r-devel-windows-x86_64 2.0-1 37.00 109.00 146.00 NOTE
r-patched-linux-x86_64 2.0-1 13.68 56.20 69.88 OK
r-release-linux-x86_64 2.0-1 14.11 56.74 70.85 OK
r-release-macos-arm64 2.0-1 40.00 OK
r-release-macos-x86_64 2.0-1 72.00 OK
r-release-windows-x86_64 2.0-1 278.00 110.00 388.00 OK
r-oldrel-macos-arm64 2.0-1 44.00 OK
r-oldrel-macos-x86_64 2.0-1 92.00 OK
r-oldrel-windows-ix86+x86_64 2.0-1 41.00 90.00 131.00 OK

Check Details

Version: 2.0-1
Check: Rd files
Result: NOTE
    checkRd: (-1) cor.fk.Rd:6: Escaped LaTeX specials: \^
Flavors: r-devel-linux-x86_64-debian-clang, r-devel-linux-x86_64-debian-gcc, r-devel-linux-x86_64-fedora-clang, r-devel-linux-x86_64-fedora-gcc, r-devel-windows-x86_64