CRAN Package Check Results for Package pcadapt

Last updated on 2019-11-13 19:47:23 CET.

Flavor Version Tinstall Tcheck Ttotal Status Flags
r-devel-linux-x86_64-debian-clang 4.1.0 98.99 102.76 201.75 OK
r-devel-linux-x86_64-debian-gcc 4.1.0 64.19 76.37 140.56 OK
r-devel-linux-x86_64-fedora-clang 4.1.0 262.92 NOTE
r-devel-linux-x86_64-fedora-gcc 4.1.0 240.28 OK
r-devel-windows-ix86+x86_64 4.1.0 289.00 160.00 449.00 NOTE
r-patched-linux-x86_64 4.1.0 67.18 94.88 162.06 OK
r-patched-solaris-x86 4.1.0 277.50 NOTE
r-release-linux-x86_64 4.1.0 71.02 95.32 166.34 OK
r-release-windows-ix86+x86_64 4.1.0 265.00 212.00 477.00 NOTE
r-release-osx-x86_64 4.1.0 NOTE
r-oldrel-windows-ix86+x86_64 4.1.0 188.00 222.00 410.00 NOTE
r-oldrel-osx-x86_64 4.1.0 NOTE

Check Details

Version: 4.1.0
Check: installed package size
Result: NOTE
     installed size is 8.3Mb
     sub-directories of 1Mb or more:
     doc 1.9Mb
     extdata 2.7Mb
     libs 2.9Mb
Flavors: r-devel-linux-x86_64-fedora-clang, r-devel-windows-ix86+x86_64, r-patched-solaris-x86, r-release-windows-ix86+x86_64, r-release-osx-x86_64, r-oldrel-windows-ix86+x86_64, r-oldrel-osx-x86_64