CRAN Package Check Results for Package pcal

Last updated on 2021-10-27 15:52:00 CEST.

Flavor Version Tinstall Tcheck Ttotal Status Flags
r-devel-linux-x86_64-debian-clang 1.0.0 2.36 26.59 28.95 NOTE
r-devel-linux-x86_64-debian-gcc 1.0.0 1.78 20.82 22.60 NOTE
r-devel-linux-x86_64-fedora-clang 1.0.0 45.74 NOTE
r-devel-linux-x86_64-fedora-gcc 1.0.0 34.49 NOTE
r-devel-windows-x86_64 1.0.0 4.00 43.00 47.00 NOTE
r-devel-windows-x86_64-gcc10-UCRT 1.0.0 NOTE
r-patched-linux-x86_64 1.0.0 2.73 25.64 28.37 NOTE
r-patched-solaris-x86 1.0.0 55.20 NOTE
r-release-linux-x86_64 1.0.0 2.33 26.04 28.37 NOTE
r-release-macos-arm64 1.0.0 NOTE
r-release-macos-x86_64 1.0.0 NOTE
r-release-windows-ix86+x86_64 1.0.0 4.00 46.00 50.00 NOTE
r-oldrel-macos-x86_64 1.0.0 OK
r-oldrel-windows-ix86+x86_64 1.0.0 6.00 44.00 50.00 OK

Check Details

Version: 1.0.0
Check: LazyData
Result: NOTE
     'LazyData' is specified without a 'data' directory
Flavors: r-devel-linux-x86_64-debian-clang, r-devel-linux-x86_64-debian-gcc, r-devel-linux-x86_64-fedora-clang, r-devel-linux-x86_64-fedora-gcc, r-devel-windows-x86_64, r-devel-windows-x86_64-gcc10-UCRT, r-patched-linux-x86_64, r-patched-solaris-x86, r-release-linux-x86_64, r-release-macos-arm64, r-release-macos-x86_64, r-release-windows-ix86+x86_64