CRAN Package Check Results for Package pcalg

Last updated on 2021-09-18 17:51:47 CEST.

Flavor Version Tinstall Tcheck Ttotal Status Flags
r-devel-linux-x86_64-debian-clang 2.7-3 121.91 400.24 522.15 OK
r-devel-linux-x86_64-debian-gcc 2.7-3 86.65 298.59 385.24 OK
r-devel-linux-x86_64-fedora-clang 2.7-3 677.10 NOTE
r-devel-linux-x86_64-fedora-gcc 2.7-3 627.68 OK
r-devel-windows-x86_64 2.7-3 113.00 483.00 596.00 NOTE
r-devel-windows-x86_64-gcc10-UCRT 2.7-3 OK
r-patched-linux-x86_64 2.7-3 105.07 385.86 490.93 OK
r-patched-solaris-x86 2.7-3 771.10 NOTE
r-release-linux-x86_64 2.7-3 99.73 382.97 482.70 OK
r-release-macos-arm64 2.7-3 NOTE
r-release-macos-x86_64 2.7-3 NOTE
r-release-windows-ix86+x86_64 2.7-3 259.00 572.00 831.00 NOTE
r-oldrel-macos-x86_64 2.7-3 NOTE
r-oldrel-windows-ix86+x86_64 2.7-3 250.00 558.00 808.00 NOTE

Check Details

Version: 2.7-3
Check: installed package size
Result: NOTE
     installed size is 11.4Mb
     sub-directories of 1Mb or more:
     data 2.1Mb
     libs 6.1Mb
Flavors: r-devel-linux-x86_64-fedora-clang, r-devel-windows-x86_64, r-patched-solaris-x86, r-release-macos-arm64, r-release-macos-x86_64, r-release-windows-ix86+x86_64, r-oldrel-macos-x86_64, r-oldrel-windows-ix86+x86_64

Version: 2.7-3
Check: Rd cross-references
Result: NOTE
    Undeclared packages ‘combinat’, ‘unifDAG’ in Rd xrefs
Flavor: r-devel-linux-x86_64-fedora-clang