Last updated on 2023-06-10 08:53:22 CEST.
Flavor | Version | Tinstall | Tcheck | Ttotal | Status | Flags |
---|---|---|---|---|---|---|
r-devel-linux-x86_64-debian-clang | 2.7-8 | 129.79 | 414.12 | 543.91 | NOTE | |
r-devel-linux-x86_64-debian-gcc | 2.7-8 | 96.03 | 314.47 | 410.50 | NOTE | |
r-devel-linux-x86_64-fedora-clang | 2.7-8 | 692.99 | NOTE | |||
r-devel-linux-x86_64-fedora-gcc | 2.7-8 | 681.64 | NOTE | |||
r-devel-windows-x86_64 | 2.7-8 | 94.00 | 364.00 | 458.00 | NOTE | |
r-patched-linux-x86_64 | 2.7-8 | 118.46 | 393.30 | 511.76 | NOTE | |
r-release-linux-x86_64 | 2.7-8 | 114.75 | 394.63 | 509.38 | NOTE | |
r-release-macos-arm64 | 2.7-8 | 203.00 | NOTE | |||
r-release-macos-x86_64 | 2.7-8 | 357.00 | NOTE | |||
r-release-windows-x86_64 | 2.7-8 | 119.00 | 456.00 | 575.00 | NOTE | |
r-oldrel-macos-arm64 | 2.7-8 | 177.00 | NOTE | |||
r-oldrel-macos-x86_64 | 2.7-8 | 241.00 | NOTE | |||
r-oldrel-windows-x86_64 | 2.7-8 | 117.00 | 450.00 | 567.00 | NOTE |
Version: 2.7-8
Check: C++ specification
Result: NOTE
Specified C++11: please drop specification unless essential
Flavors: r-devel-linux-x86_64-debian-clang, r-devel-linux-x86_64-debian-gcc, r-devel-linux-x86_64-fedora-clang, r-devel-linux-x86_64-fedora-gcc, r-devel-windows-x86_64, r-patched-linux-x86_64, r-release-linux-x86_64, r-release-macos-arm64, r-release-macos-x86_64, r-release-windows-x86_64
Version: 2.7-8
Check: installed package size
Result: NOTE
installed size is 5.5Mb
sub-directories of 1Mb or more:
data 2.1Mb
Flavors: r-devel-linux-x86_64-fedora-clang, r-devel-windows-x86_64, r-release-macos-arm64, r-release-macos-x86_64, r-release-windows-x86_64, r-oldrel-macos-arm64, r-oldrel-macos-x86_64, r-oldrel-windows-x86_64
Version: 2.7-8
Check: Rd cross-references
Result: NOTE
Undeclared packages ‘combinat’, ‘unifDAG’ in Rd xrefs
Flavor: r-devel-linux-x86_64-fedora-clang