CRAN Package Check Results for Package pcatsAPIclientR

Last updated on 2022-05-17 09:52:40 CEST.

Flavor Version Tinstall Tcheck Ttotal Status Flags
r-devel-linux-x86_64-debian-clang 1.0.0 2.11 35.42 37.53 OK
r-devel-linux-x86_64-debian-gcc 1.0.0 1.38 27.62 29.00 OK
r-devel-linux-x86_64-fedora-clang 1.0.0 45.65 NOTE
r-devel-linux-x86_64-fedora-gcc 1.0.0 44.72 NOTE
r-devel-windows-x86_64 1.0.0 29.00 53.00 82.00 OK
r-patched-linux-x86_64 1.0.0 2.06 34.30 36.36 OK
r-release-linux-x86_64 1.0.0 1.68 34.83 36.51 OK
r-release-macos-arm64 1.0.0 18.00 NOTE
r-release-macos-x86_64 1.0.0 30.00 NOTE
r-release-windows-x86_64 1.0.0 29.00 53.00 82.00 OK
r-oldrel-macos-arm64 1.0.0 18.00 NOTE
r-oldrel-macos-x86_64 1.0.0 26.00 NOTE
r-oldrel-windows-ix86+x86_64 1.0.0 6.00 47.00 53.00 OK

Check Details

Version: 1.0.0
Check: dependencies in R code
Result: NOTE
    Namespace in Imports field not imported from: ‘testthat’
     All declared Imports should be used.
Flavors: r-devel-linux-x86_64-fedora-clang, r-devel-linux-x86_64-fedora-gcc, r-release-macos-arm64, r-release-macos-x86_64, r-oldrel-macos-arm64, r-oldrel-macos-x86_64