CRAN Package Check Results for Package pcatsAPIclientR

Last updated on 2022-12-05 05:51:06 CET.

Flavor Version Tinstall Tcheck Ttotal Status Flags
r-devel-linux-x86_64-debian-clang 1.0.0 2.72 27.79 30.51 OK
r-devel-linux-x86_64-debian-gcc 1.0.0 2.03 22.01 24.04 OK
r-devel-linux-x86_64-fedora-clang 1.0.0 48.95 NOTE
r-devel-linux-x86_64-fedora-gcc 1.0.0 46.37 NOTE
r-devel-windows-x86_64 1.0.0 38.00 56.00 94.00 OK
r-patched-linux-x86_64 1.0.0 2.20 26.40 28.60 OK
r-release-linux-x86_64 1.0.0 2.56 26.68 29.24 OK
r-release-macos-arm64 1.0.0 18.00 NOTE
r-release-macos-x86_64 1.0.0 30.00 NOTE
r-release-windows-x86_64 1.0.0 34.00 56.00 90.00 OK
r-oldrel-macos-arm64 1.0.0 18.00 NOTE
r-oldrel-macos-x86_64 1.0.0 26.00 NOTE
r-oldrel-windows-ix86+x86_64 1.0.0 7.00 53.00 60.00 OK

Check Details

Version: 1.0.0
Check: dependencies in R code
Result: NOTE
    Namespace in Imports field not imported from: ‘testthat’
     All declared Imports should be used.
Flavors: r-devel-linux-x86_64-fedora-clang, r-devel-linux-x86_64-fedora-gcc, r-release-macos-arm64, r-release-macos-x86_64, r-oldrel-macos-arm64, r-oldrel-macos-x86_64