CRAN Package Check Results for Package pccc

Last updated on 2019-03-23 03:53:41 CET.

Flavor Version Tinstall Tcheck Ttotal Status Flags
r-devel-linux-x86_64-debian-clang 1.0.2 83.35 45.63 128.98 OK
r-devel-linux-x86_64-debian-gcc 1.0.2 56.46 36.67 93.13 OK
r-devel-linux-x86_64-fedora-clang 1.0.2 138.96 NOTE
r-devel-linux-x86_64-fedora-gcc 1.0.2 125.94 OK
r-devel-windows-ix86+x86_64 1.0.2 104.00 120.00 224.00 OK
r-patched-linux-x86_64 1.0.2 61.76 41.32 103.08 OK
r-patched-solaris-x86 1.0.2 126.30 OK
r-release-linux-x86_64 1.0.2 0.41 2.48 2.89 ERROR
r-release-windows-ix86+x86_64 1.0.2 80.00 86.00 166.00 OK
r-release-osx-x86_64 1.0.2 NOTE
r-oldrel-windows-ix86+x86_64 1.0.2 110.00 119.00 229.00 OK
r-oldrel-osx-x86_64 1.0.2 OK

Check Details

Version: 1.0.2
Check: installed package size
Result: NOTE
     installed size is 5.2Mb
     sub-directories of 1Mb or more:
     libs 3.5Mb
Flavors: r-devel-linux-x86_64-fedora-clang, r-release-osx-x86_64

Version: 1.0.2
Check: whether package can be installed
Result: ERROR
    Installation failed.
Flavor: r-release-linux-x86_64