CRAN Package Check Results for Package pcds

Last updated on 2022-09-30 10:53:57 CEST.

Flavor Version Tinstall Tcheck Ttotal Status Flags
r-devel-linux-x86_64-debian-clang 0.1.4 34.12 305.78 339.90 NOTE
r-devel-linux-x86_64-debian-gcc 0.1.4 27.51 216.25 243.76 NOTE
r-devel-linux-x86_64-fedora-clang 0.1.4 428.78 NOTE
r-devel-linux-x86_64-fedora-gcc 0.1.4 413.15 NOTE
r-devel-windows-x86_64 0.1.4 104.00 357.00 461.00 NOTE
r-patched-linux-x86_64 0.1.4 57.14 298.22 355.36 OK
r-release-linux-x86_64 0.1.4 47.22 296.07 343.29 OK
r-release-macos-arm64 0.1.4 182.00 OK
r-release-macos-x86_64 0.1.4 241.00 OK
r-release-windows-x86_64 0.1.4 106.00 299.00 405.00 OK
r-oldrel-macos-arm64 0.1.4 179.00 OK
r-oldrel-macos-x86_64 0.1.4 248.00 OK
r-oldrel-windows-ix86+x86_64 0.1.4 61.00 303.00 364.00 OK

Check Details

Version: 0.1.4
Check: Rd files
Result: NOTE
    checkRd: (-1) Dist.Rd:50: Escaped LaTeX specials: \&
Flavors: r-devel-linux-x86_64-debian-clang, r-devel-linux-x86_64-debian-gcc, r-devel-linux-x86_64-fedora-clang, r-devel-linux-x86_64-fedora-gcc, r-devel-windows-x86_64