Last updated on 2023-09-24 19:00:00 CEST.
Flavor | Version | Tinstall | Tcheck | Ttotal | Status | Flags |
---|---|---|---|---|---|---|
r-devel-linux-x86_64-debian-clang | 0.1.7 | 36.77 | 304.42 | 341.19 | OK | |
r-devel-linux-x86_64-debian-gcc | 0.1.7 | 30.42 | 219.30 | 249.72 | OK | |
r-devel-linux-x86_64-fedora-clang | 0.1.7 | 430.98 | OK | |||
r-devel-linux-x86_64-fedora-gcc | 0.1.7 | 446.21 | OK | |||
r-devel-windows-x86_64 | 0.1.7 | 32.00 | 280.00 | 312.00 | OK | |
r-patched-linux-x86_64 | 0.1.7 | 38.62 | 291.30 | 329.92 | OK | |
r-release-linux-x86_64 | 0.1.7 | 31.76 | 296.99 | 328.75 | OK | |
r-release-macos-arm64 | 0.1.7 | 118.00 | OK | |||
r-release-macos-x86_64 | 0.1.7 | 279.00 | NOTE | |||
r-release-windows-x86_64 | 0.1.7 | 44.00 | 338.00 | 382.00 | OK | |
r-oldrel-macos-arm64 | 0.1.7 | 177.00 | NOTE | |||
r-oldrel-macos-x86_64 | 0.1.7 | 254.00 | OK | |||
r-oldrel-windows-x86_64 | 0.1.7 | 42.00 | 256.00 | 298.00 | OK |
Version: 0.1.7
Check: installed package size
Result: NOTE
installed size is 6.0Mb
sub-directories of 1Mb or more:
R 2.0Mb
doc 1.7Mb
help 2.1Mb
Flavors: r-release-macos-x86_64, r-oldrel-macos-arm64