CRAN Package Check Results for Package pchc

Last updated on 2021-04-10 19:49:45 CEST.

Flavor Version Tinstall Tcheck Ttotal Status Flags
r-devel-linux-x86_64-debian-clang 0.5 8.94 72.73 81.67 OK
r-devel-linux-x86_64-debian-gcc 0.5 6.51 54.06 60.57 OK
r-devel-linux-x86_64-fedora-clang 0.5 102.71 OK
r-devel-linux-x86_64-fedora-gcc 0.5 90.08 OK
r-devel-windows-ix86+x86_64 0.5 13.00 70.00 83.00 OK
r-devel-windows-x86_64-gcc10-UCRT 0.5 OK
r-patched-linux-x86_64 0.5 9.14 66.23 75.37 OK
r-patched-solaris-x86 0.5 121.80 OK
r-release-linux-x86_64 0.5 8.00 66.74 74.74 OK
r-release-macos-x86_64 0.5 OK
r-release-windows-ix86+x86_64 0.5 15.00 92.00 107.00 OK
r-oldrel-macos-x86_64 0.5 ERROR
r-oldrel-windows-ix86+x86_64 0.4 13.00 60.00 73.00 OK

Check Details

Version: 0.5
Check: whether package can be installed
Result: ERROR
    Installation failed.
Flavor: r-oldrel-macos-x86_64