CRAN Package Check Results for Package pchc

Last updated on 2020-11-30 16:49:22 CET.

Flavor Version Tinstall Tcheck Ttotal Status Flags
r-devel-linux-x86_64-debian-clang 0.2 3.79 32.34 36.13 OK
r-devel-linux-x86_64-debian-gcc 0.2 3.12 27.25 30.37 OK
r-devel-linux-x86_64-fedora-clang 0.3 91.08 OK
r-devel-linux-x86_64-fedora-gcc 0.3 80.44 OK
r-devel-windows-ix86+x86_64 0.2 7.00 45.00 52.00 OK
r-patched-linux-x86_64 0.2 1.19 8.19 9.38 ERROR
r-patched-solaris-x86 0.3 113.40 OK
r-release-linux-x86_64 0.2 1.11 6.14 7.25 ERROR
r-release-macos-x86_64 0.2 OK
r-release-windows-ix86+x86_64 0.2 7.00 35.00 42.00 OK
r-oldrel-macos-x86_64 0.2 OK
r-oldrel-windows-ix86+x86_64 0.2 6.00 47.00 53.00 OK

Check Details

Version: 0.2
Check: package dependencies
Result: ERROR
    Package required but not available: ‘Rfast’
    
    See section ‘The DESCRIPTION file’ in the ‘Writing R Extensions’
    manual.
Flavors: r-patched-linux-x86_64, r-release-linux-x86_64