CRAN Package Check Results for Package pcnetmeta

Last updated on 2020-04-03 21:47:31 CEST.

Flavor Version Tinstall Tcheck Ttotal Status Flags
r-devel-linux-x86_64-debian-clang 2.6 7.16 40.10 47.26 NOTE
r-devel-linux-x86_64-debian-gcc 2.6 4.96 30.96 35.92 NOTE
r-devel-linux-x86_64-fedora-clang 2.6 54.85 NOTE
r-devel-linux-x86_64-fedora-gcc 2.6 54.94 NOTE
r-devel-windows-ix86+x86_64 2.6 12.00 47.00 59.00 OK
r-devel-windows-ix86+x86_64-gcc8 2.6 11.00 51.00 62.00 OK
r-patched-linux-x86_64 2.6 5.91 39.47 45.38 NOTE
r-patched-solaris-x86 2.6 90.80 NOTE
r-release-linux-x86_64 2.6 5.65 37.72 43.37 OK
r-release-windows-ix86+x86_64 2.6 8.00 68.00 76.00 OK
r-release-osx-x86_64 2.6 OK
r-oldrel-windows-ix86+x86_64 2.6 9.00 44.00 53.00 OK
r-oldrel-osx-x86_64 2.6 OK

Check Details

Version: 2.6
Check: for non-standard things in the check directory
Result: NOTE
    Found the following files/directories:
     'AbsolutePlot_Absolute Risk.pdf' 'ContrastPlot_OR.pdf'
Flavors: r-devel-linux-x86_64-debian-clang, r-devel-linux-x86_64-debian-gcc, r-devel-linux-x86_64-fedora-clang, r-devel-linux-x86_64-fedora-gcc, r-patched-linux-x86_64, r-patched-solaris-x86