CRAN Package Check Results for Package pcrsim

Last updated on 2019-03-20 18:48:47 CET.

Flavor Version Tinstall Tcheck Ttotal Status Flags
r-devel-linux-x86_64-debian-clang 1.0.2 13.31 98.60 111.91 OK
r-devel-linux-x86_64-debian-gcc 1.0.2 11.90 75.38 87.28 OK
r-devel-linux-x86_64-fedora-clang 1.0.2 123.32 OK
r-devel-linux-x86_64-fedora-gcc 1.0.2 122.29 OK
r-devel-windows-ix86+x86_64 1.0.2 34.00 95.00 129.00 OK
r-patched-linux-x86_64 1.0.2 12.79 94.77 107.56 OK
r-patched-solaris-x86 1.0.2 187.50 OK
r-release-linux-x86_64 1.0.2 8.56 98.03 106.59 OK
r-release-windows-ix86+x86_64 1.0.2 19.00 156.00 175.00 OK
r-release-osx-x86_64 1.0.2 ERROR
r-oldrel-windows-ix86+x86_64 1.0.2 16.00 135.00 151.00 OK
r-oldrel-osx-x86_64 1.0.2 ERROR

Check Details

Version: 1.0.2
Check: package dependencies
Result: ERROR
    Package required but not available: ‘strvalidator’
    
    See section ‘The DESCRIPTION file’ in the ‘Writing R Extensions’
    manual.
Flavors: r-release-osx-x86_64, r-oldrel-osx-x86_64