CRAN Package Check Results for Package pdR

Last updated on 2020-09-29 09:49:02 CEST.

Flavor Version Tinstall Tcheck Ttotal Status Flags
r-devel-linux-x86_64-debian-clang 1.7 11.78 76.04 87.82 OK
r-devel-linux-x86_64-debian-gcc 1.7 8.34 58.02 66.36 OK
r-devel-linux-x86_64-fedora-clang 1.7 114.76 NOTE
r-devel-linux-x86_64-fedora-gcc 1.7 105.65 NOTE
r-devel-windows-ix86+x86_64 1.7 19.00 71.00 90.00 OK
r-patched-linux-x86_64 1.7 6.96 72.07 79.03 OK
r-patched-solaris-x86 1.7 151.80 NOTE
r-release-linux-x86_64 1.7 8.85 73.02 81.87 OK
r-release-macos-x86_64 1.7 NOTE
r-release-windows-ix86+x86_64 1.7 20.00 91.00 111.00 OK
r-oldrel-macos-x86_64 1.7 NOTE
r-oldrel-windows-ix86+x86_64 1.7 17.00 92.00 109.00 OK

Check Details

Version: 1.7
Check: dependencies in R code
Result: NOTE
    Namespaces in Imports field not imported from:
     ‘car’ ‘sandwich’
     All declared Imports should be used.
Flavors: r-devel-linux-x86_64-fedora-clang, r-devel-linux-x86_64-fedora-gcc, r-patched-solaris-x86, r-release-macos-x86_64, r-oldrel-macos-x86_64