CRAN Package Check Results for Package pdSpecEst

Last updated on 2021-09-17 19:52:14 CEST.

Flavor Version Tinstall Tcheck Ttotal Status Flags
r-devel-linux-x86_64-debian-clang 1.2.4 104.58 86.62 191.20 NOTE
r-devel-linux-x86_64-debian-gcc 1.2.4 69.41 63.60 133.01 NOTE
r-devel-linux-x86_64-fedora-clang 1.2.4 285.87 NOTE
r-devel-linux-x86_64-fedora-gcc 1.2.4 245.51 NOTE
r-devel-windows-x86_64 1.2.4 96.00 123.00 219.00 NOTE
r-devel-windows-x86_64-gcc10-UCRT 1.2.4 NOTE
r-patched-linux-x86_64 1.2.4 85.96 82.78 168.74 NOTE
r-patched-solaris-x86 1.2.4 204.20 NOTE
r-release-linux-x86_64 1.2.4 87.35 82.64 169.99 NOTE
r-release-macos-arm64 1.2.4 NOTE
r-release-macos-x86_64 1.2.4 NOTE
r-release-windows-ix86+x86_64 1.2.4 236.00 115.00 351.00 NOTE
r-oldrel-macos-x86_64 1.2.4 NOTE
r-oldrel-windows-ix86+x86_64 1.2.4 229.00 112.00 341.00 OK

Check Details

Version: 1.2.4
Check: LazyData
Result: NOTE
     'LazyData' is specified without a 'data' directory
Flavors: r-devel-linux-x86_64-debian-clang, r-devel-linux-x86_64-debian-gcc, r-devel-linux-x86_64-fedora-clang, r-devel-linux-x86_64-fedora-gcc, r-devel-windows-x86_64, r-devel-windows-x86_64-gcc10-UCRT, r-patched-linux-x86_64, r-patched-solaris-x86, r-release-linux-x86_64, r-release-macos-arm64, r-release-macos-x86_64, r-release-windows-ix86+x86_64

Version: 1.2.4
Check: installed package size
Result: NOTE
     installed size is 6.4Mb
     sub-directories of 1Mb or more:
     libs 5.4Mb
Flavors: r-devel-linux-x86_64-fedora-clang, r-release-macos-arm64, r-release-macos-x86_64, r-oldrel-macos-x86_64