CRAN Package Check Results for Package pdc

Last updated on 2020-01-26 11:47:42 CET.

Flavor Version Tinstall Tcheck Ttotal Status Flags
r-devel-linux-x86_64-debian-clang 1.0.3 10.57 26.88 37.45 OK
r-devel-linux-x86_64-debian-gcc 1.0.3 11.32 21.16 32.48 OK
r-devel-linux-x86_64-fedora-clang 1.0.3 47.47 NOTE
r-devel-linux-x86_64-fedora-gcc 1.0.3 52.77 NOTE
r-devel-windows-ix86+x86_64 1.0.3 41.00 71.00 112.00 OK
r-devel-windows-ix86+x86_64-gcc8 1.0.3 36.00 67.00 103.00 OK
r-patched-linux-x86_64 1.0.3 9.82 24.35 34.17 OK
r-patched-solaris-x86 1.0.3 71.20 OK
r-release-linux-x86_64 1.0.3 10.86 24.44 35.30 OK
r-release-windows-ix86+x86_64 1.0.3 28.00 51.00 79.00 OK
r-release-osx-x86_64 1.0.3 OK
r-oldrel-windows-ix86+x86_64 1.0.3 28.00 58.00 86.00 OK
r-oldrel-osx-x86_64 1.0.3 OK

Check Details

Version: 1.0.3
Check: compiled code
Result: NOTE
    File ‘pdc/libs/pdc.so’:
     Found no calls to: ‘R_registerRoutines’, ‘R_useDynamicSymbols’
    
    It is good practice to register native routines and to disable symbol
    search.
    
    See ‘Writing portable packages’ in the ‘Writing R Extensions’ manual.
Flavors: r-devel-linux-x86_64-fedora-clang, r-devel-linux-x86_64-fedora-gcc