CRAN Package Check Results for Package pdc

Last updated on 2017-11-17 17:50:49.

Flavor Version Tinstall Tcheck Ttotal Status Flags
r-devel-linux-x86_64-debian-clang 1.0.3 19.82 16.06 35.88 NOTE
r-devel-linux-x86_64-debian-gcc 1.0.3 8.33 17.81 26.14 NOTE
r-devel-linux-x86_64-fedora-clang 1.0.3 80.81 NOTE
r-devel-linux-x86_64-fedora-gcc 1.0.3 38.77 NOTE
r-devel-windows-ix86+x86_64 1.0.3 41.00 41.00 82.00 OK
r-patched-linux-x86_64 1.0.3 7.85 15.92 23.77 NOTE
r-patched-solaris-x86 1.0.3 54.90 OK
r-release-linux-x86_64 1.0.3 7.95 15.89 23.84 NOTE
r-release-windows-ix86+x86_64 1.0.3 27.00 53.00 80.00 OK
r-release-osx-x86_64 1.0.3 OK
r-oldrel-windows-ix86+x86_64 1.0.3 25.00 45.00 70.00 OK
r-oldrel-osx-x86_64 1.0.3 OK

Check Details

Version: 1.0.3
Check: compiled code
Result: NOTE
    File ‘pdc/libs/pdc.so’:
     Found no calls to: ‘R_registerRoutines’, ‘R_useDynamicSymbols’
    
    It is good practice to register native routines and to disable symbol
    search.
    
    See ‘Writing portable packages’ in the ‘Writing R Extensions’ manual.
Flavors: r-devel-linux-x86_64-debian-clang, r-devel-linux-x86_64-debian-gcc, r-devel-linux-x86_64-fedora-clang, r-devel-linux-x86_64-fedora-gcc, r-patched-linux-x86_64, r-release-linux-x86_64