CRAN Package Check Results for Package pdc

Last updated on 2018-01-18 04:48:00 CET.

Flavor Version Tinstall Tcheck Ttotal Status Flags
r-devel-linux-x86_64-debian-clang 1.0.3 13.45 23.26 36.71 NOTE
r-devel-linux-x86_64-debian-gcc 1.0.3 7.93 19.62 27.55 NOTE
r-devel-linux-x86_64-fedora-clang 1.0.3 74.07 NOTE
r-devel-linux-x86_64-fedora-gcc 1.0.3 39.90 NOTE
r-devel-windows-ix86+x86_64 1.0.3 39.00 64.00 103.00 OK
r-patched-linux-x86_64 1.0.3 11.01 23.48 34.49 NOTE
r-patched-solaris-x86 1.0.3 64.10 OK
r-release-linux-x86_64 1.0.3 10.35 23.54 33.89 NOTE
r-release-windows-ix86+x86_64 1.0.3 29.00 66.00 95.00 OK
r-release-osx-x86_64 1.0.3 OK
r-oldrel-windows-ix86+x86_64 1.0.3 36.00 48.00 84.00 OK
r-oldrel-osx-x86_64 1.0.3 OK

Check Details

Version: 1.0.3
Check: compiled code
Result: NOTE
    File ‘pdc/libs/pdc.so’:
     Found no calls to: ‘R_registerRoutines’, ‘R_useDynamicSymbols’
    
    It is good practice to register native routines and to disable symbol
    search.
    
    See ‘Writing portable packages’ in the ‘Writing R Extensions’ manual.
Flavors: r-devel-linux-x86_64-debian-clang, r-devel-linux-x86_64-debian-gcc, r-devel-linux-x86_64-fedora-clang, r-devel-linux-x86_64-fedora-gcc, r-patched-linux-x86_64, r-release-linux-x86_64