CRAN Package Check Results for Package pdc

Last updated on 2020-06-07 07:47:45 CEST.

Flavor Version Tinstall Tcheck Ttotal Status Flags
r-devel-linux-x86_64-debian-clang 1.0.3 10.26 26.68 36.94 OK
r-devel-linux-x86_64-debian-gcc 1.0.3 12.99 21.39 34.38 OK
r-devel-linux-x86_64-fedora-clang 1.0.3 57.02 NOTE
r-devel-linux-x86_64-fedora-gcc 1.0.3 53.22 NOTE
r-devel-windows-ix86+x86_64 1.0.3 39.00 50.00 89.00 OK
r-patched-linux-x86_64 1.0.3 12.30 27.10 39.40 OK
r-patched-solaris-x86 1.0.3 75.80 OK
r-release-linux-x86_64 1.0.3 12.47 28.10 40.57 OK
r-release-osx-x86_64 1.0.3 OK
r-release-windows-ix86+x86_64 1.0.3 29.00 68.00 97.00 OK
r-oldrel-osx-x86_64 1.0.3 OK
r-oldrel-windows-ix86+x86_64 1.0.3 44.00 44.00 88.00 OK

Check Details

Version: 1.0.3
Check: compiled code
Result: NOTE
    File ‘pdc/libs/pdc.so’:
     Found no calls to: ‘R_registerRoutines’, ‘R_useDynamicSymbols’
    
    It is good practice to register native routines and to disable symbol
    search.
    
    See ‘Writing portable packages’ in the ‘Writing R Extensions’ manual.
Flavors: r-devel-linux-x86_64-fedora-clang, r-devel-linux-x86_64-fedora-gcc