CRAN Package Check Results for Package pdfCluster

Last updated on 2022-01-22 05:10:26 CET.

Flavor Version Tinstall Tcheck Ttotal Status Flags
r-devel-linux-x86_64-debian-clang 1.0-3 7.47 61.55 69.02 OK
r-devel-linux-x86_64-debian-gcc 1.0-3 6.27 46.29 52.56 OK
r-devel-linux-x86_64-fedora-clang 1.0-3 86.29 NOTE
r-devel-linux-x86_64-fedora-gcc 1.0-3 72.65 OK
r-devel-windows-x86_64-new-UL 1.0-3 59.00 96.00 155.00 OK
r-devel-windows-x86_64-new-TK 1.0-3 OK
r-patched-linux-x86_64 1.0-3 8.41 58.38 66.79 OK
r-release-linux-x86_64 1.0-3 6.50 58.13 64.63 OK
r-release-macos-arm64 1.0-3 OK
r-release-macos-x86_64 1.0-3 OK
r-release-windows-ix86+x86_64 1.0-3 20.00 104.00 124.00 OK
r-oldrel-macos-x86_64 1.0-3 OK
r-oldrel-windows-ix86+x86_64 1.0-3 21.00 104.00 125.00 OK

Check Details

Version: 1.0-3
Check: Rd cross-references
Result: NOTE
    Undeclared packages ‘sm’, ‘spdep’ in Rd xrefs
Flavor: r-devel-linux-x86_64-fedora-clang