CRAN Package Check Results for Package pdfCluster

Last updated on 2021-05-11 08:48:22 CEST.

Flavor Version Tinstall Tcheck Ttotal Status Flags
r-devel-linux-x86_64-debian-clang 1.0-3 8.20 52.47 60.67 OK
r-devel-linux-x86_64-debian-gcc 1.0-3 6.60 39.62 46.22 OK
r-devel-linux-x86_64-fedora-clang 1.0-3 82.50 NOTE
r-devel-linux-x86_64-fedora-gcc 1.0-3 70.91 OK
r-devel-windows-ix86+x86_64 1.0-3 16.00 108.00 124.00 OK
r-devel-windows-x86_64-gcc10-UCRT 1.0-3 OK
r-patched-linux-x86_64 1.0-3 7.88 51.15 59.03 OK
r-patched-solaris-x86 1.0-3 103.00 OK
r-release-linux-x86_64 1.0-3 7.05 49.41 56.46 OK
r-release-macos-x86_64 1.0-3 OK
r-release-windows-ix86+x86_64 1.0-3 15.00 81.00 96.00 OK
r-oldrel-macos-x86_64 1.0-3 OK
r-oldrel-windows-ix86+x86_64 1.0-3 17.00 78.00 95.00 OK

Check Details

Version: 1.0-3
Check: Rd cross-references
Result: NOTE
    Undeclared packages ‘sm’, ‘spdep’ in Rd xrefs
Flavor: r-devel-linux-x86_64-fedora-clang