Last updated on 2023-02-09 08:55:09 CET.
Flavor | Version | Tinstall | Tcheck | Ttotal | Status | Flags |
---|---|---|---|---|---|---|
r-devel-linux-x86_64-debian-clang | 1.0-4 | 7.09 | 59.06 | 66.15 | OK | |
r-devel-linux-x86_64-debian-gcc | 1.0-4 | 7.02 | 44.21 | 51.23 | OK | |
r-devel-linux-x86_64-fedora-clang | 1.0-4 | 87.11 | NOTE | |||
r-devel-linux-x86_64-fedora-gcc | 1.0-4 | 82.45 | OK | |||
r-devel-windows-x86_64 | 1.0-4 | 42.00 | 94.00 | 136.00 | OK | |
r-patched-linux-x86_64 | 1.0-4 | 8.08 | 56.82 | 64.90 | OK | |
r-release-linux-x86_64 | 1.0-4 | 8.15 | 56.07 | 64.22 | OK | |
r-release-macos-arm64 | 1.0-4 | 22.00 | OK | |||
r-release-macos-x86_64 | 1.0-4 | 40.00 | OK | |||
r-release-windows-x86_64 | 1.0-4 | 48.00 | 110.00 | 158.00 | OK | |
r-oldrel-macos-arm64 | 1.0-4 | 27.00 | OK | |||
r-oldrel-macos-x86_64 | 1.0-4 | 44.00 | OK | |||
r-oldrel-windows-ix86+x86_64 | 1.0-4 | 22.00 | 110.00 | 132.00 | OK |
Version: 1.0-4
Check: Rd cross-references
Result: NOTE
Undeclared packages ‘sm’, ‘spdep’ in Rd xrefs
Flavor: r-devel-linux-x86_64-fedora-clang