CRAN Package Check Results for Package peRiodiCS

Last updated on 2020-04-10 07:50:27 CEST.

Flavor Version Tinstall Tcheck Ttotal Status Flags
r-devel-linux-x86_64-debian-clang 0.5.0 11.08 92.10 103.18 OK
r-devel-linux-x86_64-debian-gcc 0.5.0 9.72 68.98 78.70 OK
r-devel-linux-x86_64-fedora-clang 0.5.0 122.83 NOTE
r-devel-linux-x86_64-fedora-gcc 0.5.0 132.47 NOTE
r-devel-windows-ix86+x86_64 0.5.0 25.00 89.00 114.00 OK
r-devel-windows-ix86+x86_64-gcc8 0.5.0 27.00 93.00 120.00 OK
r-patched-linux-x86_64 0.5.0 9.45 86.22 95.67 OK
r-patched-osx-x86_64 0.5.0 NOTE
r-patched-solaris-x86 0.5.0 194.50 NOTE
r-release-linux-x86_64 0.5.0 6.98 80.40 87.38 OK
r-release-windows-ix86+x86_64 0.5.0 24.00 136.00 160.00 OK
r-release-osx-x86_64 0.5.0 NOTE
r-oldrel-windows-ix86+x86_64 0.5.0 20.00 95.00 115.00 OK
r-oldrel-osx-x86_64 0.5.0 NOTE

Check Details

Version: 0.5.0
Check: dependencies in R code
Result: NOTE
    Namespace in Imports field not imported from: ‘rms’
     All declared Imports should be used.
Flavors: r-devel-linux-x86_64-fedora-clang, r-devel-linux-x86_64-fedora-gcc, r-patched-osx-x86_64, r-patched-solaris-x86, r-release-osx-x86_64, r-oldrel-osx-x86_64