CRAN Package Check Results for Package peRiodiCS

Last updated on 2022-01-26 20:49:11 CET.

Flavor Version Tinstall Tcheck Ttotal Status Flags
r-devel-linux-x86_64-debian-clang 0.5.0 11.89 113.84 125.73 OK
r-devel-linux-x86_64-debian-gcc 0.5.0 9.83 84.65 94.48 OK
r-devel-linux-x86_64-fedora-clang 0.5.0 145.47 NOTE
r-devel-linux-x86_64-fedora-gcc 0.5.0 134.65 NOTE
r-devel-windows-x86_64-new-UL 0.5.0 37.00 120.00 157.00 OK
r-devel-windows-x86_64-new-TK 0.5.0 NOTE
r-patched-linux-x86_64 0.5.0 10.82 101.16 111.98 OK
r-release-linux-x86_64 0.5.0 8.24 100.61 108.85 OK
r-release-macos-arm64 0.5.0 NOTE
r-release-macos-x86_64 0.5.0 NOTE
r-release-windows-ix86+x86_64 0.5.0 27.00 118.00 145.00 OK
r-oldrel-macos-x86_64 0.5.0 NOTE
r-oldrel-windows-ix86+x86_64 0.5.0 31.00 119.00 150.00 OK

Check Details

Version: 0.5.0
Check: dependencies in R code
Result: NOTE
    Namespace in Imports field not imported from: ‘rms’
     All declared Imports should be used.
Flavors: r-devel-linux-x86_64-fedora-clang, r-devel-linux-x86_64-fedora-gcc, r-devel-windows-x86_64-new-TK, r-release-macos-arm64, r-release-macos-x86_64, r-oldrel-macos-x86_64