CRAN Package Check Results for Package peRiodiCS

Last updated on 2024-04-18 01:55:27 CEST.

Flavor Version Tinstall Tcheck Ttotal Status Flags
r-devel-linux-x86_64-debian-clang 0.5.0 7.93 67.35 75.28 OK
r-devel-linux-x86_64-debian-gcc 0.5.0 5.88 49.39 55.27 OK
r-devel-linux-x86_64-fedora-clang 0.5.0 93.23 NOTE
r-devel-linux-x86_64-fedora-gcc 0.5.0 86.19 NOTE
r-prerel-macos-arm64 0.5.0 30.00 OK
r-prerel-windows-x86_64 0.5.0 8.00 66.00 74.00 OK
r-patched-linux-x86_64 0.5.0 4.56 63.14 67.70 OK
r-release-linux-x86_64 0.5.0 4.54 61.66 66.20 OK
r-release-macos-arm64 0.5.0 32.00 OK
r-release-macos-x86_64 0.5.0 46.00 OK
r-release-windows-x86_64 0.5.0 10.00 75.00 85.00 OK
r-oldrel-macos-arm64 0.5.0 42.00 NOTE
r-oldrel-windows-x86_64 0.5.0 10.00 80.00 90.00 OK

Check Details

Version: 0.5.0
Check: dependencies in R code
Result: NOTE Namespace in Imports field not imported from: ‘rms’ All declared Imports should be used. Flavors: r-devel-linux-x86_64-fedora-clang, r-devel-linux-x86_64-fedora-gcc, r-oldrel-macos-arm64