CRAN Package Check Results for Package peakRAM

Last updated on 2024-02-27 08:55:24 CET.

Flavor Version Tinstall Tcheck Ttotal Status Flags
r-devel-linux-x86_64-debian-clang 1.0.2 1.64 25.25 26.89 NOTE
r-devel-linux-x86_64-debian-gcc 1.0.2 1.42 20.35 21.77 NOTE
r-devel-linux-x86_64-fedora-clang 1.0.2 35.85 NOTE
r-devel-linux-x86_64-fedora-gcc 1.0.2 44.79 NOTE
r-devel-windows-x86_64 1.0.2 2.00 42.00 44.00 NOTE
r-patched-linux-x86_64 1.0.2 2.02 24.86 26.88 NOTE
r-release-linux-x86_64 1.0.2 2.01 24.84 26.85 NOTE
r-release-macos-arm64 1.0.2 25.00 NOTE
r-release-macos-x86_64 1.0.2 34.00 NOTE
r-release-windows-x86_64 1.0.2 2.00 42.00 44.00 NOTE
r-oldrel-macos-arm64 1.0.2 17.00 NOTE
r-oldrel-windows-x86_64 1.0.2 4.00 46.00 50.00 NOTE

Check Details

Version: 1.0.2
Check: LazyData
Result: NOTE 'LazyData' is specified without a 'data' directory Flavors: r-devel-linux-x86_64-debian-clang, r-devel-linux-x86_64-debian-gcc, r-devel-linux-x86_64-fedora-clang, r-devel-linux-x86_64-fedora-gcc, r-devel-windows-x86_64, r-patched-linux-x86_64, r-release-linux-x86_64, r-release-macos-arm64, r-release-macos-x86_64, r-release-windows-x86_64, r-oldrel-macos-arm64, r-oldrel-windows-x86_64