CRAN Package Check Results for Package pedquant

Last updated on 2019-06-19 22:49:43 CEST.

Flavor Version Tinstall Tcheck Ttotal Status Flags
r-devel-linux-x86_64-debian-clang 0.1.2 9.82 60.00 69.82 OK
r-devel-linux-x86_64-debian-gcc 0.1.2 7.74 46.95 54.69 OK
r-devel-linux-x86_64-fedora-clang 0.1.2 81.76 OK
r-devel-linux-x86_64-fedora-gcc 0.1.2 79.58 OK
r-devel-windows-ix86+x86_64 0.1.2 30.00 105.00 135.00 OK
r-patched-linux-x86_64 0.1.2 9.55 59.54 69.09 OK
r-patched-solaris-x86 0.1.2 128.20 OK
r-release-linux-x86_64 0.1.2 8.73 59.58 68.31 OK
r-release-windows-ix86+x86_64 0.1.2 29.00 94.00 123.00 OK
r-release-osx-x86_64 0.1.2 OK
r-oldrel-windows-ix86+x86_64 0.1.2 12.00 101.00 113.00 WARN
r-oldrel-osx-x86_64 0.1.2 OK

Check Details

Version: 0.1.2
Check: whether package can be installed
Result: WARN
    Found the following significant warnings:
     Warning: unable to re-encode 'pq_perf.R' line 1
Flavor: r-oldrel-windows-ix86+x86_64