CRAN Package Check Results for Package pedquant

Last updated on 2019-10-19 04:46:35 CEST.

Flavor Version Tinstall Tcheck Ttotal Status Flags
r-devel-linux-x86_64-debian-clang 0.1.2 10.83 62.78 73.61 OK
r-devel-linux-x86_64-debian-gcc 0.1.2 8.24 46.99 55.23 OK
r-devel-linux-x86_64-fedora-clang 0.1.2 87.38 OK
r-devel-linux-x86_64-fedora-gcc 0.1.2 83.59 OK
r-devel-windows-ix86+x86_64 0.1.2 29.00 119.00 148.00 OK
r-patched-linux-x86_64 0.1.2 10.23 59.89 70.12 OK
r-patched-solaris-x86 0.1.2 127.70 OK
r-release-linux-x86_64 0.1.2 9.90 61.14 71.04 OK
r-release-windows-ix86+x86_64 0.1.2 17.00 129.00 146.00 OK
r-release-osx-x86_64 0.1.2 OK
r-oldrel-windows-ix86+x86_64 0.1.2 11.00 69.00 80.00 WARN
r-oldrel-osx-x86_64 0.1.2 OK

Check Details

Version: 0.1.2
Check: whether package can be installed
Result: WARN
    Found the following significant warnings:
     Warning: unable to re-encode 'pq_perf.R' line 1
Flavor: r-oldrel-windows-ix86+x86_64