CRAN Package Check Results for Package pedquant

Last updated on 2022-12-09 11:00:44 CET.

Flavor Version Tinstall Tcheck Ttotal Status Flags
r-devel-linux-x86_64-debian-clang 0.2.1 16.12 105.21 121.33 OK
r-devel-linux-x86_64-debian-gcc 0.2.1 13.80 90.16 103.96 OK
r-devel-linux-x86_64-fedora-clang 0.2.1 155.68 NOTE
r-devel-linux-x86_64-fedora-gcc 0.2.1 150.12 NOTE
r-devel-windows-x86_64 0.2.1 46.00 164.00 210.00 OK
r-patched-linux-x86_64 0.2.1 19.62 98.70 118.32 OK
r-release-linux-x86_64 0.2.1 10.04 96.26 106.30 OK
r-release-macos-arm64 0.2.1 43.00 NOTE
r-release-macos-x86_64 0.2.1 55.00 NOTE
r-release-windows-x86_64 0.2.1 49.00 130.00 179.00 OK
r-oldrel-macos-arm64 0.2.1 46.00 NOTE
r-oldrel-macos-x86_64 0.2.1 58.00 NOTE
r-oldrel-windows-ix86+x86_64 0.2.1 32.00 121.00 153.00 OK

Check Details

Version: 0.2.1
Check: data for non-ASCII characters
Result: NOTE
     Note: found 7326 marked UTF-8 strings
Flavors: r-devel-linux-x86_64-fedora-clang, r-devel-linux-x86_64-fedora-gcc, r-release-macos-arm64, r-release-macos-x86_64, r-oldrel-macos-arm64, r-oldrel-macos-x86_64