CRAN Package Check Results for Package pell

Last updated on 2022-12-08 07:54:07 CET.

Flavor Version Tinstall Tcheck Ttotal Status Flags
r-devel-linux-x86_64-debian-clang 0.1.0 2.70 40.19 42.89 OK
r-devel-linux-x86_64-debian-gcc 0.1.0 2.02 30.53 32.55 OK
r-devel-linux-x86_64-fedora-clang 0.1.0 62.27 NOTE
r-devel-linux-x86_64-fedora-gcc 0.1.0 73.30 NOTE
r-devel-windows-x86_64 0.1.0 16.00 71.00 87.00 OK
r-patched-linux-x86_64 0.1.0 2.27 37.46 39.73 OK
r-release-linux-x86_64 0.1.0 2.20 34.76 36.96 OK
r-release-macos-arm64 0.1.0 28.00 NOTE
r-release-macos-x86_64 0.1.0 38.00 NOTE
r-release-windows-x86_64 0.1.0 15.00 83.00 98.00 OK
r-oldrel-macos-arm64 0.1.0 30.00 NOTE
r-oldrel-macos-x86_64 0.1.0 43.00 NOTE
r-oldrel-windows-ix86+x86_64 0.1.0 6.00 68.00 74.00 OK

Check Details

Version: 0.1.0
Check: data for non-ASCII characters
Result: NOTE
     Note: found 6 marked UTF-8 strings
Flavors: r-devel-linux-x86_64-fedora-clang, r-devel-linux-x86_64-fedora-gcc, r-release-macos-arm64, r-release-macos-x86_64, r-oldrel-macos-arm64, r-oldrel-macos-x86_64