CRAN Package Check Results for Package pema

Last updated on 2022-05-17 11:49:47 CEST.

Flavor Version Tinstall Tcheck Ttotal Status Flags
r-devel-linux-x86_64-debian-clang 0.1.1 1165.16 277.98 1443.14 NOTE
r-devel-linux-x86_64-debian-gcc 0.1.1 1106.08 257.77 1363.85 NOTE
r-devel-linux-x86_64-fedora-clang 0.1.1 2058.88 NOTE
r-devel-linux-x86_64-fedora-gcc 0.1.1 2342.59 NOTE
r-devel-windows-x86_64 0.1.1 759.00 388.00 1147.00 NOTE
r-patched-linux-x86_64 0.1.1 935.16 347.35 1282.51 NOTE
r-release-linux-x86_64 0.1.1 975.68 329.34 1305.02 ERROR
r-release-macos-arm64 0.1.1 559.00 NOTE
r-release-macos-x86_64 0.1.1 698.00 NOTE
r-release-windows-x86_64 0.1.1 768.00 376.00 1144.00 NOTE
r-oldrel-macos-arm64 0.1.1 548.00 NOTE
r-oldrel-macos-x86_64 0.1.1 708.00 NOTE
r-oldrel-windows-ix86+x86_64 0.1.1 2667.00 557.00 3224.00 NOTE

Check Details

Version: 0.1.1
Check: for GNU extensions in Makefiles
Result: NOTE
    GNU make is a SystemRequirements.
Flavors: r-devel-linux-x86_64-debian-clang, r-devel-linux-x86_64-debian-gcc, r-devel-linux-x86_64-fedora-clang, r-devel-linux-x86_64-fedora-gcc, r-devel-windows-x86_64, r-patched-linux-x86_64, r-release-linux-x86_64, r-release-macos-arm64, r-release-macos-x86_64, r-release-windows-x86_64, r-oldrel-macos-arm64, r-oldrel-macos-x86_64, r-oldrel-windows-ix86+x86_64

Version: 0.1.1
Check: installed package size
Result: NOTE
     installed size is 106.7Mb
     sub-directories of 1Mb or more:
     libs 105.7Mb
Flavors: r-devel-linux-x86_64-fedora-clang, r-devel-windows-x86_64, r-release-macos-arm64, r-release-macos-x86_64, r-release-windows-x86_64, r-oldrel-macos-arm64, r-oldrel-macos-x86_64, r-oldrel-windows-ix86+x86_64

Version: 0.1.1
Check: package dependencies
Result: NOTE
    Package suggested but not available for checking: ‘tidySEM’
Flavor: r-release-linux-x86_64

Version: 0.1.1
Check: re-building of vignette outputs
Result: ERROR
    Error(s) in re-building vignettes:
     ...
    --- re-building ‘using-brma.Rmd’ using rmarkdown
    Quitting from lines 26-30 (using-brma.Rmd)
    Error: processing vignette ‘using-brma.Rmd’ failed with diagnostics:
    there is no package called 'tidySEM'
    --- failed re-building ‘using-brma.Rmd’
    
    SUMMARY: processing the following file failed:
     ‘using-brma.Rmd’
    
    Error: Vignette re-building failed.
    Execution halted
Flavor: r-release-linux-x86_64