CRAN Package Check Results for Package penMSM

Last updated on 2019-08-23 08:53:39 CEST.

Flavor Version Tinstall Tcheck Ttotal Status Flags
r-devel-linux-x86_64-debian-clang 0.99 15.42 23.32 38.74 OK
r-devel-linux-x86_64-debian-gcc 0.99 10.62 18.92 29.54 OK
r-devel-linux-x86_64-fedora-clang 0.99 52.29 NOTE
r-devel-linux-x86_64-fedora-gcc 0.99 48.88 NOTE
r-devel-windows-ix86+x86_64 0.99 44.00 77.00 121.00 OK
r-patched-linux-x86_64 0.99 11.24 23.13 34.37 OK
r-patched-solaris-x86 0.99 63.40 OK
r-release-linux-x86_64 0.99 11.25 23.32 34.57 OK
r-release-windows-ix86+x86_64 0.99 43.00 78.00 121.00 OK
r-release-osx-x86_64 0.99 OK
r-oldrel-windows-ix86+x86_64 0.99 41.00 63.00 104.00 OK
r-oldrel-osx-x86_64 0.99 OK

Check Details

Version: 0.99
Check: compiled code
Result: NOTE
    File ‘penMSM/libs/penMSM.so’:
     Found no calls to: ‘R_registerRoutines’, ‘R_useDynamicSymbols’
    
    It is good practice to register native routines and to disable symbol
    search.
    
    See ‘Writing portable packages’ in the ‘Writing R Extensions’ manual.
Flavors: r-devel-linux-x86_64-fedora-clang, r-devel-linux-x86_64-fedora-gcc