CRAN Package Check Results for Package penMSM

Last updated on 2022-07-02 16:49:38 CEST.

Flavor Version Tinstall Tcheck Ttotal Status Flags
r-devel-linux-x86_64-debian-clang 0.99 19.14 29.10 48.24 OK
r-devel-linux-x86_64-debian-gcc 0.99 13.17 22.96 36.13 OK
r-devel-linux-x86_64-fedora-clang 0.99 74.52 NOTE
r-devel-linux-x86_64-fedora-gcc 0.99 68.73 NOTE
r-devel-windows-x86_64 0.99 50.00 73.00 123.00 OK
r-patched-linux-x86_64 0.99 14.76 27.84 42.60 OK
r-release-linux-x86_64 0.99 13.74 28.60 42.34 OK
r-release-macos-arm64 0.99 22.00 OK
r-release-macos-x86_64 0.99 30.00 OK
r-release-windows-x86_64 0.99 22.00 77.00 99.00 OK
r-oldrel-macos-arm64 0.99 24.00 OK
r-oldrel-macos-x86_64 0.99 35.00 OK
r-oldrel-windows-ix86+x86_64 0.99 46.00 73.00 119.00 OK

Check Details

Version: 0.99
Check: compiled code
Result: NOTE
    File ‘penMSM/libs/penMSM.so’:
     Found no calls to: ‘R_registerRoutines’, ‘R_useDynamicSymbols’
    
    It is good practice to register native routines and to disable symbol
    search.
    
    See ‘Writing portable packages’ in the ‘Writing R Extensions’ manual.
Flavors: r-devel-linux-x86_64-fedora-clang, r-devel-linux-x86_64-fedora-gcc