Last updated on 2019-12-12 21:48:44 CET.
Flavor | Version | Tinstall | Tcheck | Ttotal | Status | Flags |
---|---|---|---|---|---|---|
r-devel-linux-x86_64-debian-clang | 0.99 | 16.61 | 24.32 | 40.93 | OK | |
r-devel-linux-x86_64-debian-gcc | 0.99 | 9.82 | 19.62 | 29.44 | OK | |
r-devel-linux-x86_64-fedora-clang | 0.99 | 55.91 | NOTE | |||
r-devel-linux-x86_64-fedora-gcc | 0.99 | 49.82 | NOTE | |||
r-devel-windows-ix86+x86_64 | 0.99 | 36.00 | 72.00 | 108.00 | OK | |
r-devel-windows-ix86+x86_64-gcc8 | 0.99 | 36.00 | 83.00 | 119.00 | OK | |
r-patched-linux-x86_64 | 0.99 | 11.90 | 23.03 | 34.93 | OK | |
r-patched-solaris-x86 | 0.99 | 59.60 | OK | |||
r-release-linux-x86_64 | 0.99 | 12.02 | 22.86 | 34.88 | OK | |
r-release-windows-ix86+x86_64 | 0.99 | 29.00 | 54.00 | 83.00 | OK | |
r-release-osx-x86_64 | 0.99 | OK | ||||
r-oldrel-windows-ix86+x86_64 | 0.99 | 26.00 | 85.00 | 111.00 | OK | |
r-oldrel-osx-x86_64 | 0.99 | OK |
Version: 0.99
Check: compiled code
Result: NOTE
File ‘penMSM/libs/penMSM.so’:
Found no calls to: ‘R_registerRoutines’, ‘R_useDynamicSymbols’
It is good practice to register native routines and to disable symbol
search.
See ‘Writing portable packages’ in the ‘Writing R Extensions’ manual.
Flavors: r-devel-linux-x86_64-fedora-clang, r-devel-linux-x86_64-fedora-gcc