Last updated on 2022-06-26 06:50:44 CEST.
Flavor | Version | Tinstall | Tcheck | Ttotal | Status | Flags |
---|---|---|---|---|---|---|
r-devel-linux-x86_64-debian-clang | 0.9-52 | 88.17 | 129.28 | 217.45 | NOTE | |
r-devel-linux-x86_64-debian-gcc | 0.9-52 | 74.06 | 96.32 | 170.38 | NOTE | |
r-devel-linux-x86_64-fedora-clang | 0.9-52 | 301.27 | NOTE | |||
r-devel-linux-x86_64-fedora-gcc | 0.9-52 | 288.78 | NOTE | |||
r-devel-windows-x86_64 | 0.9-52 | 102.00 | 178.00 | 280.00 | NOTE | |
r-patched-linux-x86_64 | 0.9-52 | 77.47 | 121.72 | 199.19 | OK | |
r-release-linux-x86_64 | 0.9-52 | 75.23 | 120.49 | 195.72 | OK | |
r-release-macos-arm64 | 0.9-52 | 85.00 | NOTE | |||
r-release-macos-x86_64 | 0.9-52 | 111.00 | NOTE | |||
r-release-windows-x86_64 | 0.9-52 | 109.00 | 178.00 | 287.00 | OK | |
r-oldrel-macos-arm64 | 0.9-52 | 83.00 | NOTE | |||
r-oldrel-macos-x86_64 | 0.9-52 | 114.00 | NOTE | |||
r-oldrel-windows-ix86+x86_64 | 0.9-52 | 213.00 | 191.00 | 404.00 | OK |
Version: 0.9-52
Check: Rd files
Result: NOTE
checkRd: (-1) breslow.Rd:27: Escaped LaTeX specials: \# \#
Flavors: r-devel-linux-x86_64-debian-clang, r-devel-linux-x86_64-debian-gcc, r-devel-linux-x86_64-fedora-clang, r-devel-linux-x86_64-fedora-gcc, r-devel-windows-x86_64
Version: 0.9-52
Check: installed package size
Result: NOTE
installed size is 6.3Mb
sub-directories of 1Mb or more:
libs 5.4Mb
Flavors: r-release-macos-arm64, r-release-macos-x86_64, r-oldrel-macos-arm64, r-oldrel-macos-x86_64