Last updated on 2023-02-03 16:55:38 CET.
Flavor | Version | Tinstall | Tcheck | Ttotal | Status | Flags |
---|---|---|---|---|---|---|
r-devel-linux-x86_64-debian-clang | 0.9-52 | 84.58 | 127.12 | 211.70 | NOTE | |
r-devel-linux-x86_64-debian-gcc | 0.9-52 | 68.87 | 95.89 | 164.76 | NOTE | |
r-devel-linux-x86_64-fedora-clang | 0.9-52 | 299.62 | NOTE | |||
r-devel-linux-x86_64-fedora-gcc | 0.9-52 | 292.87 | NOTE | |||
r-patched-linux-x86_64 | 0.9-52 | 86.18 | 120.57 | 206.75 | OK | |
r-release-linux-x86_64 | 0.9-52 | 80.72 | 123.76 | 204.48 | OK | |
r-release-macos-arm64 | 0.9-52 | 85.00 | NOTE | |||
r-release-macos-x86_64 | 0.9-52 | 111.00 | NOTE | |||
r-release-windows-x86_64 | 0.9-52 | 154.00 | 192.00 | 346.00 | OK | |
r-oldrel-macos-arm64 | 0.9-52 | 83.00 | NOTE | |||
r-oldrel-macos-x86_64 | 0.9-52 | 114.00 | NOTE | |||
r-oldrel-windows-ix86+x86_64 | 0.9-52 | 208.00 | 195.00 | 403.00 | OK |
Version: 0.9-52
Check: C++ specification
Result: NOTE
Specified C++11: please update to current default of C++17
Flavors: r-devel-linux-x86_64-debian-clang, r-devel-linux-x86_64-debian-gcc, r-devel-linux-x86_64-fedora-clang, r-devel-linux-x86_64-fedora-gcc
Version: 0.9-52
Check: Rd files
Result: NOTE
checkRd: (-1) breslow.Rd:27: Escaped LaTeX specials: \# \#
Flavors: r-devel-linux-x86_64-debian-clang, r-devel-linux-x86_64-debian-gcc, r-devel-linux-x86_64-fedora-clang, r-devel-linux-x86_64-fedora-gcc
Version: 0.9-52
Check: installed package size
Result: NOTE
installed size is 6.3Mb
sub-directories of 1Mb or more:
libs 5.4Mb
Flavors: r-release-macos-arm64, r-release-macos-x86_64, r-oldrel-macos-arm64, r-oldrel-macos-x86_64