CRAN Package Check Results for Package penalized

Last updated on 2020-10-22 19:49:11 CEST.

Flavor Version Tinstall Tcheck Ttotal Status Flags
r-devel-linux-x86_64-debian-clang 0.9-51 93.09 119.76 212.85 OK
r-devel-linux-x86_64-debian-gcc 0.9-51 72.81 90.91 163.72 OK
r-devel-linux-x86_64-fedora-clang 0.9-51 283.28 NOTE
r-devel-linux-x86_64-fedora-gcc 0.9-51 283.57 OK
r-devel-windows-ix86+x86_64 0.9-51 201.00 189.00 390.00 OK
r-patched-linux-x86_64 0.9-51 83.71 112.65 196.36 OK
r-patched-solaris-x86 0.9-51 288.10 OK
r-release-linux-x86_64 0.9-51 88.47 112.52 200.99 OK
r-release-macos-x86_64 0.9-51 NOTE
r-release-windows-ix86+x86_64 0.9-51 151.00 147.00 298.00 OK
r-oldrel-macos-x86_64 0.9-51 NOTE
r-oldrel-windows-ix86+x86_64 0.9-51 172.00 132.00 304.00 OK

Check Details

Version: 0.9-51
Check: installed package size
Result: NOTE
     installed size is 6.3Mb
     sub-directories of 1Mb or more:
     libs 5.4Mb
Flavors: r-devel-linux-x86_64-fedora-clang, r-release-macos-x86_64, r-oldrel-macos-x86_64

Version: 0.9-51
Check: package dependencies
Result: NOTE
    Package suggested but not available for checking: ‘globaltest’
Flavor: r-oldrel-macos-x86_64