Last updated on 2021-03-08 03:52:29 CET.
Flavor | Version | Tinstall | Tcheck | Ttotal | Status | Flags |
---|---|---|---|---|---|---|
r-devel-linux-x86_64-debian-clang | 0.9-51 | 92.39 | 122.71 | 215.10 | OK | |
r-devel-linux-x86_64-debian-gcc | 0.9-51 | 61.03 | 91.09 | 152.12 | OK | |
r-devel-linux-x86_64-fedora-clang | 0.9-51 | 284.94 | NOTE | |||
r-devel-linux-x86_64-fedora-gcc | 0.9-51 | 276.25 | OK | |||
r-devel-windows-ix86+x86_64 | 0.9-51 | 201.00 | 142.00 | 343.00 | OK | |
r-devel-windows-x86_64-gcc10-UCRT | 0.9-51 | OK | ||||
r-patched-linux-x86_64 | 0.9-51 | 77.87 | 113.98 | 191.85 | OK | |
r-patched-solaris-x86 | 0.9-51 | 310.60 | OK | |||
r-release-linux-x86_64 | 0.9-51 | 78.57 | 113.29 | 191.86 | OK | |
r-release-macos-x86_64 | 0.9-51 | NOTE | ||||
r-release-windows-ix86+x86_64 | 0.9-51 | 147.00 | 175.00 | 322.00 | OK | |
r-oldrel-macos-x86_64 | 0.9-51 | NOTE | ||||
r-oldrel-windows-ix86+x86_64 | 0.9-51 | 133.00 | 130.00 | 263.00 | OK |
Version: 0.9-51
Check: installed package size
Result: NOTE
installed size is 6.3Mb
sub-directories of 1Mb or more:
libs 5.4Mb
Flavors: r-devel-linux-x86_64-fedora-clang, r-release-macos-x86_64, r-oldrel-macos-x86_64
Version: 0.9-51
Check: package dependencies
Result: NOTE
Package suggested but not available for checking: ‘globaltest’
Flavor: r-oldrel-macos-x86_64