CRAN Package Check Results for Package penalized

Last updated on 2022-10-02 04:50:02 CEST.

Flavor Version Tinstall Tcheck Ttotal Status Flags
r-devel-linux-x86_64-debian-clang 0.9-52 89.04 129.18 218.22 NOTE
r-devel-linux-x86_64-debian-gcc 0.9-52 71.70 97.22 168.92 NOTE
r-devel-linux-x86_64-fedora-clang 0.9-52 304.07 NOTE
r-devel-linux-x86_64-fedora-gcc 0.9-52 293.07 NOTE
r-devel-windows-x86_64 0.9-52 103.00 182.00 285.00 NOTE
r-patched-linux-x86_64 0.9-52 83.60 123.98 207.58 OK
r-release-linux-x86_64 0.9-52 81.88 121.38 203.26 OK
r-release-macos-arm64 0.9-52 85.00 NOTE
r-release-macos-x86_64 0.9-52 111.00 NOTE
r-release-windows-x86_64 0.9-52 118.00 179.00 297.00 OK
r-oldrel-macos-arm64 0.9-52 83.00 NOTE
r-oldrel-macos-x86_64 0.9-52 114.00 NOTE
r-oldrel-windows-ix86+x86_64 0.9-52 209.00 188.00 397.00 OK

Check Details

Version: 0.9-52
Check: Rd files
Result: NOTE
    checkRd: (-1) breslow.Rd:27: Escaped LaTeX specials: \# \#
Flavors: r-devel-linux-x86_64-debian-clang, r-devel-linux-x86_64-debian-gcc, r-devel-linux-x86_64-fedora-clang, r-devel-linux-x86_64-fedora-gcc, r-devel-windows-x86_64

Version: 0.9-52
Check: installed package size
Result: NOTE
     installed size is 6.3Mb
     sub-directories of 1Mb or more:
     libs 5.4Mb
Flavors: r-release-macos-arm64, r-release-macos-x86_64, r-oldrel-macos-arm64, r-oldrel-macos-x86_64