CRAN Package Check Results for Package penalized

Last updated on 2019-05-19 12:46:37 CEST.

Flavor Version Tinstall Tcheck Ttotal Status Flags
r-devel-linux-x86_64-debian-clang 0.9-51 70.18 103.31 173.49 OK
r-devel-linux-x86_64-debian-gcc 0.9-51 57.89 79.66 137.55 OK
r-devel-linux-x86_64-fedora-clang 0.9-51 239.92 NOTE
r-devel-linux-x86_64-fedora-gcc 0.9-51 229.91 OK
r-devel-windows-ix86+x86_64 0.9-51 185.00 185.00 370.00 OK
r-patched-linux-x86_64 0.9-51 68.21 103.29 171.50 OK
r-patched-solaris-x86 0.9-51 292.60 OK
r-release-linux-x86_64 0.9-51 71.41 103.99 175.40 OK
r-release-windows-ix86+x86_64 0.9-51 186.00 184.00 370.00 OK
r-release-osx-x86_64 0.9-51 NOTE
r-oldrel-windows-ix86+x86_64 0.9-51 180.00 186.00 366.00 OK
r-oldrel-osx-x86_64 0.9-51 NOTE

Check Details

Version: 0.9-51
Check: installed package size
Result: NOTE
     installed size is 5.4Mb
     sub-directories of 1Mb or more:
     libs 4.5Mb
Flavors: r-devel-linux-x86_64-fedora-clang, r-release-osx-x86_64, r-oldrel-osx-x86_64

Version: 0.9-51
Check: package dependencies
Result: NOTE
    Package suggested but not available for checking: ‘globaltest’
Flavor: r-release-osx-x86_64