CRAN Package Check Results for Package penalized

Last updated on 2019-03-25 19:47:32 CET.

Flavor Version Tinstall Tcheck Ttotal Status Flags
r-devel-linux-x86_64-debian-clang 0.9-51 77.45 103.47 180.92 OK
r-devel-linux-x86_64-debian-gcc 0.9-51 60.70 81.05 141.75 OK
r-devel-linux-x86_64-fedora-clang 0.9-51 241.51 NOTE
r-devel-linux-x86_64-fedora-gcc 0.9-51 230.95 OK
r-devel-windows-ix86+x86_64 0.9-51 176.00 190.00 366.00 OK
r-patched-linux-x86_64 0.9-51 73.96 98.46 172.42 OK
r-patched-solaris-x86 0.9-51 255.80 OK
r-release-linux-x86_64 0.9-51 65.16 96.72 161.88 OK
r-release-windows-ix86+x86_64 0.9-51 179.00 177.00 356.00 OK
r-release-osx-x86_64 0.9-51 NOTE
r-oldrel-windows-ix86+x86_64 0.9-51 134.00 160.00 294.00 OK
r-oldrel-osx-x86_64 0.9-51 OK

Check Details

Version: 0.9-51
Check: installed package size
Result: NOTE
     installed size is 5.3Mb
     sub-directories of 1Mb or more:
     libs 4.4Mb
Flavors: r-devel-linux-x86_64-fedora-clang, r-release-osx-x86_64