CRAN Package Check Results for Package penalized

Last updated on 2021-06-17 21:52:51 CEST.

Flavor Version Tinstall Tcheck Ttotal Status Flags
r-devel-linux-x86_64-debian-clang 0.9-51 90.64 120.85 211.49 OK
r-devel-linux-x86_64-debian-gcc 0.9-51 64.84 92.08 156.92 OK
r-devel-linux-x86_64-fedora-clang 0.9-51 286.74 NOTE
r-devel-linux-x86_64-fedora-gcc 0.9-51 263.86 OK
r-devel-windows-x86_64 0.9-51 109.00 135.00 244.00 OK
r-devel-windows-x86_64-gcc10-UCRT 0.9-51 OK
r-patched-linux-x86_64 0.9-51 75.12 115.64 190.76 OK
r-patched-solaris-x86 0.9-51 305.30 OK
r-release-linux-x86_64 0.9-51 75.43 116.26 191.69 OK
r-release-macos-arm64 0.9-51 NOTE
r-release-macos-x86_64 0.9-51 NOTE
r-release-windows-ix86+x86_64 0.9-51 202.00 141.00 343.00 OK
r-oldrel-macos-x86_64 0.9-51 NOTE
r-oldrel-windows-ix86+x86_64 0.9-51 159.00 183.00 342.00 OK

Check Details

Version: 0.9-51
Check: installed package size
Result: NOTE
     installed size is 5.6Mb
     sub-directories of 1Mb or more:
     libs 4.6Mb
Flavors: r-devel-linux-x86_64-fedora-clang, r-release-macos-arm64, r-release-macos-x86_64, r-oldrel-macos-x86_64

Version: 0.9-51
Check: package dependencies
Result: NOTE
    Package suggested but not available for checking: ‘globaltest’
Flavor: r-release-macos-arm64