CRAN Package Check Results for Package penalized

Last updated on 2021-09-25 10:51:41 CEST.

Flavor Version Tinstall Tcheck Ttotal Status Flags
r-devel-linux-x86_64-debian-clang 0.9-51 96.68 125.84 222.52 OK
r-devel-linux-x86_64-debian-gcc 0.9-51 66.33 93.86 160.19 OK
r-devel-linux-x86_64-fedora-clang 0.9-51 286.28 NOTE
r-devel-linux-x86_64-fedora-gcc 0.9-51 264.04 OK
r-devel-windows-x86_64 0.9-51 82.00 114.00 196.00 OK
r-devel-windows-x86_64-gcc10-UCRT 0.9-51 OK
r-patched-linux-x86_64 0.9-51 80.47 117.41 197.88 OK
r-patched-solaris-x86 0.9-51 300.50 OK
r-release-linux-x86_64 0.9-51 76.78 117.69 194.47 OK
r-release-macos-arm64 0.9-51 NOTE
r-release-macos-x86_64 0.9-51 NOTE
r-release-windows-ix86+x86_64 0.9-51 205.00 140.00 345.00 OK
r-oldrel-macos-x86_64 0.9-51 NOTE
r-oldrel-windows-ix86+x86_64 0.9-51 150.00 142.00 292.00 OK

Check Details

Version: 0.9-51
Check: installed package size
Result: NOTE
     installed size is 5.4Mb
     sub-directories of 1Mb or more:
     libs 4.4Mb
Flavors: r-devel-linux-x86_64-fedora-clang, r-release-macos-arm64, r-release-macos-x86_64, r-oldrel-macos-x86_64

Version: 0.9-51
Check: package dependencies
Result: NOTE
    Package suggested but not available for checking: ‘globaltest’
Flavor: r-release-macos-arm64