CRAN Package Check Results for Package penalizedclr

Last updated on 2021-10-21 15:51:10 CEST.

Flavor Version Tinstall Tcheck Ttotal Status Flags
r-devel-linux-x86_64-debian-clang 0.1.0 7.32 119.74 127.06 OK
r-devel-linux-x86_64-debian-gcc 0.1.0 6.28 80.71 86.99 OK
r-devel-linux-x86_64-fedora-clang 0.1.0 173.41 NOTE
r-devel-linux-x86_64-fedora-gcc 0.1.0 157.68 NOTE
r-devel-windows-x86_64 0.1.0 12.00 322.00 334.00 OK
r-devel-windows-x86_64-gcc10-UCRT 0.1.0 NOTE
r-patched-linux-x86_64 0.1.0 7.63 121.04 128.67 OK
r-patched-solaris-x86 0.1.0 580.10 NOTE
r-release-linux-x86_64 0.1.0 7.60 120.60 128.20 OK
r-release-macos-arm64 0.1.0 NOTE
r-release-macos-x86_64 0.1.0 NOTE
r-release-windows-ix86+x86_64 0.1.0 20.00 297.00 317.00 OK
r-oldrel-macos-x86_64 0.1.0 NOTE
r-oldrel-windows-ix86+x86_64 0.1.0 19.00 314.00 333.00 OK

Check Details

Version: 0.1.0
Check: dependencies in R code
Result: NOTE
    Namespace in Imports field not imported from: ‘tidyverse’
     All declared Imports should be used.
Flavors: r-devel-linux-x86_64-fedora-clang, r-devel-linux-x86_64-fedora-gcc, r-devel-windows-x86_64-gcc10-UCRT, r-patched-solaris-x86, r-release-macos-arm64, r-release-macos-x86_64, r-oldrel-macos-x86_64