CRAN Package Check Results for Package penaltyLearning

Last updated on 2022-12-01 15:54:39 CET.

Flavor Version Tinstall Tcheck Ttotal Status Flags
r-devel-linux-x86_64-debian-clang 2020.5.13 9.92 119.23 129.15 OK
r-devel-linux-x86_64-debian-gcc 2020.5.13 7.81 81.46 89.27 OK
r-devel-linux-x86_64-fedora-clang 2020.5.13 162.12 OK
r-devel-linux-x86_64-fedora-gcc 2020.5.13 152.95 OK
r-devel-windows-x86_64 2020.5.13 56.00 141.00 197.00 OK
r-patched-linux-x86_64 2020.5.13 9.60 105.33 114.93 OK
r-release-linux-x86_64 2020.5.13 7.83 106.51 114.34 OK
r-release-macos-arm64 2020.5.13 42.00 NOTE
r-release-macos-x86_64 2020.5.13 85.00 OK
r-release-windows-x86_64 2020.5.13 59.00 143.00 202.00 OK
r-oldrel-macos-arm64 2020.5.13 55.00 OK
r-oldrel-macos-x86_64 2020.5.13 73.00 OK
r-oldrel-windows-ix86+x86_64 2020.5.13 26.00 196.00 222.00 OK

Check Details

Version: 2020.5.13
Check: package dependencies
Result: NOTE
    Package suggested but not available for checking: ‘jointseg’
Flavor: r-release-macos-arm64