CRAN Package Check Results for Package pendensity

Last updated on 2022-06-26 22:50:32 CEST.

Flavor Version Tinstall Tcheck Ttotal Status Flags
r-devel-linux-x86_64-debian-clang 0.2.13 9.77 109.37 119.14 NOTE
r-devel-linux-x86_64-debian-gcc 0.2.13 10.17 83.47 93.64 NOTE
r-devel-linux-x86_64-fedora-clang 0.2.13 153.47 NOTE
r-devel-linux-x86_64-fedora-gcc 0.2.13 164.22 NOTE
r-devel-windows-x86_64 0.2.13 42.00 142.00 184.00 NOTE
r-patched-linux-x86_64 0.2.13 10.28 103.60 113.88 OK
r-release-linux-x86_64 0.2.13 10.01 104.61 114.62 OK
r-release-macos-arm64 0.2.13 46.00 OK
r-release-macos-x86_64 0.2.13 83.00 OK
r-release-windows-x86_64 0.2.13 39.00 140.00 179.00 OK
r-oldrel-macos-arm64 0.2.13 59.00 OK
r-oldrel-macos-x86_64 0.2.13 91.00 OK
r-oldrel-windows-ix86+x86_64 0.2.13 27.00 129.00 156.00 OK

Check Details

Version: 0.2.13
Check: Rd files
Result: NOTE
    checkRd: (-1) my.bspline.Rd:21: Escaped LaTeX specials: \$ \$ \$ \$ \$ \$
    checkRd: (-1) my.bspline.Rd:27: Escaped LaTeX specials: \$ \$ \$
    checkRd: (-1) pendensity.Rd:52: Escaped LaTeX specials: \$
    checkRd: (-1) pendensity.Rd:57: Escaped LaTeX specials: \$ \$
    checkRd: (-1) pendensity.Rd:66: Escaped LaTeX specials: \$
    checkRd: (-1) pendensity.Rd:82: Escaped LaTeX specials: \$ \$
    checkRd: (-1) pendensity.Rd:96: Escaped LaTeX specials: \$
    checkRd: (-1) pendensity.Rd:100: Escaped LaTeX specials: \$
    checkRd: (-1) pendensity.Rd:105: Escaped LaTeX specials: \$
    checkRd: (-1) pendensity.Rd:109: Escaped LaTeX specials: \$
Flavors: r-devel-linux-x86_64-debian-clang, r-devel-linux-x86_64-debian-gcc, r-devel-linux-x86_64-fedora-clang, r-devel-linux-x86_64-fedora-gcc, r-devel-windows-x86_64