CRAN Package Check Results for Package pendensity

Last updated on 2021-09-20 15:53:01 CEST.

Flavor Version Tinstall Tcheck Ttotal Status Flags
r-devel-linux-x86_64-debian-clang 0.2.13 12.17 99.99 112.16 OK
r-devel-linux-x86_64-debian-gcc 0.2.13 9.18 75.96 85.14 OK
r-devel-linux-x86_64-fedora-clang 0.2.13 142.08 OK
r-devel-linux-x86_64-fedora-gcc 0.2.13 130.95 OK
r-devel-windows-x86_64 0.2.13 13.00 92.00 105.00 OK
r-devel-windows-x86_64-gcc10-UCRT 0.2.13 ERROR
r-patched-linux-x86_64 0.2.13 11.48 96.80 108.28 OK
r-patched-solaris-x86 0.2.13 195.90 OK
r-release-linux-x86_64 0.2.13 9.38 97.30 106.68 OK
r-release-macos-arm64 0.2.13 OK
r-release-macos-x86_64 0.2.13 OK
r-release-windows-ix86+x86_64 0.2.13 25.00 89.00 114.00 OK
r-oldrel-macos-x86_64 0.2.13 OK
r-oldrel-windows-ix86+x86_64 0.2.13 24.00 100.00 124.00 OK

Check Details

Version: 0.2.13
Check: whether package can be installed
Result: WARN
    Found the following significant warnings:
     WARNING: installation-time patches will not be applied, could not get the patches index
Flavor: r-devel-windows-x86_64-gcc10-UCRT

Version: 0.2.13
Check: PDF version of manual
Result: WARN
    LaTeX errors when creating PDF version.
    This typically indicates Rd problems.
Flavor: r-devel-windows-x86_64-gcc10-UCRT

Version: 0.2.13
Check: PDF version of manual without hyperrefs or index
Result: ERROR
    Re-running with no redirection of stdout/stderr.
Flavor: r-devel-windows-x86_64-gcc10-UCRT