CRAN Package Check Results for Package pendensity

Last updated on 2022-11-27 12:55:24 CET.

Flavor Version Tinstall Tcheck Ttotal Status Flags
r-devel-linux-x86_64-debian-clang 0.2.13 14.42 109.77 124.19 NOTE
r-devel-linux-x86_64-debian-gcc 0.2.13 11.38 83.35 94.73 NOTE
r-devel-linux-x86_64-fedora-clang 0.2.13 163.64 NOTE
r-devel-linux-x86_64-fedora-gcc 0.2.13 159.83 NOTE
r-devel-windows-x86_64 0.2.13 37.00 147.00 184.00 NOTE
r-patched-linux-x86_64 0.2.13 13.89 104.43 118.32 OK
r-release-linux-x86_64 0.2.13 10.58 105.44 116.02 OK
r-release-macos-arm64 0.2.13 46.00 OK
r-release-macos-x86_64 0.2.13 83.00 OK
r-release-windows-x86_64 0.2.13 35.00 157.00 192.00 OK
r-oldrel-macos-arm64 0.2.13 59.00 OK
r-oldrel-macos-x86_64 0.2.13 91.00 OK
r-oldrel-windows-ix86+x86_64 0.2.13 26.00 133.00 159.00 OK

Check Details

Version: 0.2.13
Check: Rd files
Result: NOTE
    checkRd: (-1) my.bspline.Rd:21: Escaped LaTeX specials: \$ \$ \$ \$ \$ \$
    checkRd: (-1) my.bspline.Rd:27: Escaped LaTeX specials: \$ \$ \$
    checkRd: (-1) pendensity.Rd:52: Escaped LaTeX specials: \$
    checkRd: (-1) pendensity.Rd:57: Escaped LaTeX specials: \$ \$
    checkRd: (-1) pendensity.Rd:66: Escaped LaTeX specials: \$
    checkRd: (-1) pendensity.Rd:82: Escaped LaTeX specials: \$ \$
    checkRd: (-1) pendensity.Rd:96: Escaped LaTeX specials: \$
    checkRd: (-1) pendensity.Rd:100: Escaped LaTeX specials: \$
    checkRd: (-1) pendensity.Rd:105: Escaped LaTeX specials: \$
    checkRd: (-1) pendensity.Rd:109: Escaped LaTeX specials: \$
Flavors: r-devel-linux-x86_64-debian-clang, r-devel-linux-x86_64-debian-gcc, r-devel-linux-x86_64-fedora-clang, r-devel-linux-x86_64-fedora-gcc, r-devel-windows-x86_64