CRAN Package Check Results for Package pensim

Last updated on 2020-04-06 01:48:07 CEST.

Flavor Version Tinstall Tcheck Ttotal Status Flags
r-devel-linux-x86_64-debian-clang 1.3.1 9.26 104.80 114.06 OK
r-devel-linux-x86_64-debian-gcc 1.3.1 0.41 2.12 2.53 ERROR
r-devel-linux-x86_64-fedora-clang 1.3.1 130.01 OK
r-devel-linux-x86_64-fedora-gcc 1.3.1 132.12 OK
r-devel-windows-ix86+x86_64 1.3.1 23.00 187.00 210.00 OK
r-devel-windows-ix86+x86_64-gcc8 1.2.9 15.00 141.00 156.00 NOTE
r-patched-linux-x86_64 1.3.1 8.06 100.51 108.57 OK
r-patched-solaris-x86 1.3.1 247.00 OK
r-release-linux-x86_64 1.3.1 5.46 93.53 98.99 OK
r-release-windows-ix86+x86_64 1.3.1 16.00 171.00 187.00 OK
r-release-osx-x86_64 1.3.1 OK
r-oldrel-windows-ix86+x86_64 1.3.1 11.00 177.00 188.00 OK
r-oldrel-osx-x86_64 1.2.9 NOTE

Check Details

Version: 1.3.1
Check: whether package can be installed
Result: ERROR
    Installation failed.
Flavor: r-devel-linux-x86_64-debian-gcc

Version: 1.2.9
Check: R code for possible problems
Result: NOTE
    create.data: no visible global function definition for 'rexp'
    create.data: no visible global function definition for 'runif'
    create.data: no visible global function definition for 'rbinom'
    opt.splitval: no visible global function definition for 'na.omit'
    opt2D : opt.both: no visible global function definition for 'optim'
    Undefined global functions or variables:
     na.omit optim rbinom rexp runif
    Consider adding
     importFrom("stats", "na.omit", "optim", "rbinom", "rexp", "runif")
    to your NAMESPACE file.
Flavors: r-devel-windows-ix86+x86_64-gcc8, r-oldrel-osx-x86_64