CRAN Package Check Results for Package perfectphyloR

Last updated on 2021-07-25 09:50:29 CEST.

Flavor Version Tinstall Tcheck Ttotal Status Flags
r-devel-linux-x86_64-debian-clang 0.2.1 0.65 2.90 3.55 ERROR
r-devel-linux-x86_64-debian-gcc 0.2.1 38.99 39.40 78.39 OK
r-devel-linux-x86_64-fedora-clang 0.2.1 153.12 OK
r-devel-linux-x86_64-fedora-gcc 0.2.1 136.56 OK
r-devel-windows-x86_64 0.2.1 55.00 65.00 120.00 OK
r-devel-windows-x86_64-gcc10-UCRT 0.2.1 OK
r-patched-linux-x86_64 0.2.1 42.67 49.69 92.36 OK
r-patched-solaris-x86 0.2.1 147.00 OK
r-release-linux-x86_64 0.2.1 49.39 49.36 98.75 OK
r-release-macos-arm64 0.2.1 OK
r-release-macos-x86_64 0.2.1 OK
r-release-windows-ix86+x86_64 0.2.1 132.00 112.00 244.00 OK
r-oldrel-macos-x86_64 0.2.1 OK
r-oldrel-windows-ix86+x86_64 0.2.1 138.00 116.00 254.00 OK

Check Details

Version: 0.2.1
Check: package dependencies
Result: ERROR
    Package required but not available: 'phytools'
    
    See section 'The DESCRIPTION file' in the 'Writing R Extensions'
    manual.
Flavor: r-devel-linux-x86_64-debian-clang