CRAN Package Check Results for Package pergola

Last updated on 2020-01-29 04:48:37 CET.

Flavor Version Tinstall Tcheck Ttotal Status Flags
r-devel-linux-x86_64-debian-clang 1.0 3.04 61.17 64.21 NOTE
r-devel-linux-x86_64-debian-gcc 1.0 2.59 49.18 51.77 NOTE
r-devel-linux-x86_64-fedora-clang 1.0 81.38 NOTE
r-devel-linux-x86_64-fedora-gcc 1.0 78.56 NOTE
r-devel-windows-ix86+x86_64 1.0 8.00 98.00 106.00 NOTE
r-devel-windows-ix86+x86_64-gcc8 1.0 11.00 77.00 88.00 NOTE
r-patched-linux-x86_64 1.0 NOTE
r-patched-solaris-x86 1.0 103.60 NOTE
r-release-linux-x86_64 1.0 2.50 59.78 62.28 NOTE
r-release-windows-ix86+x86_64 1.0 6.00 65.00 71.00 NOTE
r-release-osx-x86_64 1.0 NOTE
r-oldrel-windows-ix86+x86_64 1.0 6.00 66.00 72.00 NOTE
r-oldrel-osx-x86_64 1.0 NOTE

Check Details

Version: 1.0
Check: package dependencies
Result: NOTE
    Package suggested but not available for checking: 'dendextendRcpp'
Flavors: r-devel-linux-x86_64-debian-clang, r-devel-linux-x86_64-debian-gcc, r-devel-linux-x86_64-fedora-clang, r-devel-linux-x86_64-fedora-gcc, r-devel-windows-ix86+x86_64, r-devel-windows-ix86+x86_64-gcc8, r-patched-linux-x86_64, r-patched-solaris-x86, r-release-linux-x86_64, r-release-windows-ix86+x86_64, r-release-osx-x86_64, r-oldrel-windows-ix86+x86_64, r-oldrel-osx-x86_64