CRAN Package Check Results for Package periscope

Last updated on 2021-09-23 07:49:50 CEST.

Flavor Version Tinstall Tcheck Ttotal Status Flags
r-devel-linux-x86_64-debian-clang 0.6.3 9.62 51.65 61.27 OK
r-devel-linux-x86_64-debian-gcc 0.6.3 6.49 39.76 46.25 OK
r-devel-linux-x86_64-fedora-clang 0.6.3 80.81 OK
r-devel-linux-x86_64-fedora-gcc 0.6.3 69.82 OK
r-devel-windows-x86_64 0.6.3 13.00 59.00 72.00 OK
r-devel-windows-x86_64-gcc10-UCRT 0.6.3 ERROR
r-patched-linux-x86_64 0.6.3 7.34 51.41 58.75 OK
r-patched-solaris-x86 0.6.3 100.00 OK
r-release-linux-x86_64 0.6.3 7.67 50.91 58.58 OK
r-release-macos-arm64 0.6.3 OK
r-release-macos-x86_64 0.6.3 OK
r-release-windows-ix86+x86_64 0.6.3 20.00 59.00 79.00 OK
r-oldrel-macos-x86_64 0.6.3 OK
r-oldrel-windows-ix86+x86_64 0.6.3 14.00 55.00 69.00 OK

Check Details

Version: 0.6.3
Check: PDF version of manual
Result: WARN
    LaTeX errors when creating PDF version.
    This typically indicates Rd problems.
Flavor: r-devel-windows-x86_64-gcc10-UCRT

Version: 0.6.3
Check: PDF version of manual without hyperrefs or index
Result: ERROR
    Re-running with no redirection of stdout/stderr.
Flavor: r-devel-windows-x86_64-gcc10-UCRT