CRAN Package Check Results for Package periscope

Last updated on 2021-06-24 02:50:48 CEST.

Flavor Version Tinstall Tcheck Ttotal Status Flags
r-devel-linux-x86_64-debian-clang 0.6.3 9.99 55.03 65.02 OK
r-devel-linux-x86_64-debian-gcc 0.6.3 6.85 42.14 48.99 OK
r-devel-linux-x86_64-fedora-clang 0.6.3 84.12 OK
r-devel-linux-x86_64-fedora-gcc 0.6.3 75.47 OK
r-devel-windows-x86_64 0.6.3 16.00 72.00 88.00 OK
r-devel-windows-x86_64-gcc10-UCRT 0.6.3 NOTE
r-patched-linux-x86_64 0.6.3 10.10 52.33 62.43 OK
r-patched-solaris-x86 0.6.3 104.50 OK
r-release-linux-x86_64 0.6.3 7.14 52.61 59.75 OK
r-release-macos-arm64 0.6.3 OK
r-release-macos-x86_64 0.6.3 OK
r-release-windows-ix86+x86_64 0.6.3 12.00 57.00 69.00 OK
r-oldrel-macos-x86_64 0.6.3 OK

Check Details

Version: 0.6.3
Check: package dependencies
Result: NOTE
    Package suggested but not available for checking: 'canvasXpress'
Flavor: r-devel-windows-x86_64-gcc10-UCRT